/*
SQLyog Community
MySQL - 8.0.39 : Database - borneo_race_timing
*********************************************************************
*/



/*Table structure for table `age_group` */


CREATE TABLE `age_group` (
  `id` int NOT NULL AUTO_INCREMENT,
  `event_id` int DEFAULT NULL,
  `name` varchar(255) DEFAULT NULL,
  `status` int DEFAULT NULL,
  `created_by` int DEFAULT NULL,
  `created_at` datetime DEFAULT NULL,
  `updated_by` int DEFAULT NULL,
  `updated_at` datetime DEFAULT NULL,
  `deleted_by` int DEFAULT NULL,
  `deleted_at` datetime DEFAULT NULL,
  PRIMARY KEY (`id`),
  KEY `fk_age_group_event_id` (`event_id`),
  KEY `fk_age_group_created_by` (`created_by`),
  KEY `fk_age_group_updated_by` (`updated_by`),
  KEY `fk_age_group_deleted_by` (`deleted_by`),
  CONSTRAINT `fk_age_group_created_by` FOREIGN KEY (`created_by`) REFERENCES `user` (`id`),
  CONSTRAINT `fk_age_group_deleted_by` FOREIGN KEY (`deleted_by`) REFERENCES `user` (`id`),
  CONSTRAINT `fk_age_group_event_id` FOREIGN KEY (`event_id`) REFERENCES `event` (`id`),
  CONSTRAINT `fk_age_group_updated_by` FOREIGN KEY (`updated_by`) REFERENCES `user` (`id`)
) ENGINE=InnoDB AUTO_INCREMENT=11 DEFAULT CHARSET=utf8mb3;

/*Data for the table `age_group` */

insert  into `age_group`(`id`,`event_id`,`name`,`status`,`created_by`,`created_at`,`updated_by`,`updated_at`,`deleted_by`,`deleted_at`) values 
(1,1,'35-39',1,1,'2024-11-12 11:29:50',1,'2024-11-12 11:29:50',NULL,NULL),
(2,1,'40-44',1,1,'2024-11-12 11:30:02',1,'2024-11-12 11:30:02',NULL,NULL),
(3,1,'45-49',1,1,'2024-11-12 11:30:07',1,'2024-11-12 11:30:45',NULL,NULL),
(4,1,'50-54',1,1,'2024-11-12 11:30:50',1,'2024-11-12 11:30:57',NULL,NULL),
(5,1,'55-59',1,1,'2024-11-12 11:31:02',1,'2024-11-12 11:31:02',NULL,NULL),
(6,1,'60-64',1,1,'2024-11-12 11:31:06',1,'2024-11-12 11:31:06',NULL,NULL),
(7,1,'64-69',1,1,'2024-11-12 11:31:10',1,'2024-11-12 11:31:10',NULL,NULL),
(8,1,'70-74',1,1,'2024-11-12 11:31:19',1,'2024-11-12 11:31:19',NULL,NULL),
(9,1,'80-84',1,1,'2024-11-12 11:32:14',1,'2024-11-12 11:32:14',NULL,NULL),
(10,1,'85-89',1,1,'2024-11-12 11:32:23',1,'2024-11-12 11:32:23',NULL,NULL);

/*Table structure for table `audit_data` */


CREATE TABLE `audit_data` (
  `id` int NOT NULL AUTO_INCREMENT,
  `entry_id` int NOT NULL,
  `type` varchar(255) NOT NULL,
  `data` blob,
  `created` datetime DEFAULT NULL,
  PRIMARY KEY (`id`),
  KEY `fk_audit_data_entry_id` (`entry_id`),
  CONSTRAINT `fk_audit_data_entry_id` FOREIGN KEY (`entry_id`) REFERENCES `audit_entry` (`id`)
) ENGINE=InnoDB DEFAULT CHARSET=utf8mb3;

/*Data for the table `audit_data` */

/*Table structure for table `audit_entry` */


CREATE TABLE `audit_entry` (
  `id` int NOT NULL AUTO_INCREMENT,
  `created` datetime NOT NULL,
  `user_id` varchar(255) DEFAULT '0',
  `duration` float DEFAULT NULL,
  `ip` varchar(45) DEFAULT NULL,
  `request_method` varchar(16) DEFAULT NULL,
  `ajax` int NOT NULL DEFAULT '0',
  `route` varchar(255) DEFAULT NULL,
  `memory_max` int DEFAULT NULL,
  PRIMARY KEY (`id`),
  KEY `idx_user_id` (`user_id`),
  KEY `idx_route` (`route`)
) ENGINE=InnoDB AUTO_INCREMENT=190 DEFAULT CHARSET=utf8mb3;

/*Data for the table `audit_entry` */

insert  into `audit_entry`(`id`,`created`,`user_id`,`duration`,`ip`,`request_method`,`ajax`,`route`,`memory_max`) values 
(1,'2024-11-11 17:07:34','1',0.0961339,'::1','POST',0,'event/create',7270952),
(2,'2024-11-11 17:21:08','1',0.112739,'::1','POST',0,'event/delete',7436368),
(3,'2024-11-11 17:24:15','1',0.102292,'::1','POST',0,'event/delete',7435960),
(4,'2024-11-11 17:24:20','1',0.109457,'::1','POST',0,'event/update',7440536),
(5,'2024-11-11 17:24:28','1',0.121446,'::1','POST',0,'event/update',7440536),
(6,'2024-11-11 17:24:57','1',0.113618,'::1','POST',0,'event/update',7441224),
(7,'2024-11-11 17:26:29','1',0.110191,'::1','POST',0,'event/delete',7440128),
(8,'2024-11-11 17:26:35','1',0.114407,'::1','POST',0,'event/update',7441224),
(11,'2024-11-11 17:51:46','1',0.122413,'::1','POST',0,'event/update',7922272),
(12,'2024-11-11 17:52:14','1',0.124238,'::1','POST',0,'event/update',7922376),
(13,'2024-11-12 10:22:11','1',0.0941448,'::1','POST',0,'event/update',8049464),
(14,'2024-11-12 10:22:19','1',0.091053,'::1','POST',0,'event/update',8049704),
(15,'2024-11-12 10:54:54','1',0.103212,'::1','POST',1,'category/create',7309176),
(16,'2024-11-12 11:05:01','1',0.085665,'::1','POST',1,'category/create',7309176),
(17,'2024-11-12 11:08:05','1',0.092267,'::1','POST',1,'category/create',7309176),
(18,'2024-11-12 11:15:51','1',0.088208,'::1','POST',1,'category/update',7399800),
(19,'2024-11-12 11:15:55','1',0.105884,'::1','POST',1,'category/update',7399768),
(20,'2024-11-12 11:19:32','1',0.0830989,'::1','POST',1,'category/delete',7391600),
(21,'2024-11-12 11:20:02','1',0.0772831,'::1','POST',1,'category/delete',7391600),
(22,'2024-11-12 11:20:43','1',0.0800009,'::1','POST',1,'category/delete',7394992),
(23,'2024-11-12 11:20:45','1',0.0929618,'::1','POST',1,'category/delete',7394992),
(24,'2024-11-12 11:20:47','1',0.0783041,'::1','POST',1,'category/delete',7391592),
(25,'2024-11-12 11:20:54','1',0.0857668,'::1','POST',1,'category/create',7312288),
(26,'2024-11-12 11:20:59','1',0.0897341,'::1','POST',1,'category/create',7312304),
(27,'2024-11-12 11:21:03','1',0.0941389,'::1','POST',1,'category/create',7312304),
(28,'2024-11-12 11:21:08','1',0.0847671,'::1','POST',1,'category/update',7401704),
(29,'2024-11-12 11:21:13','1',0.0891509,'::1','POST',1,'category/update',7401672),
(30,'2024-11-12 11:23:48','1',0.10758,'::1','POST',1,'category/create',7312288),
(31,'2024-11-12 11:23:53','1',0.0898631,'::1','POST',1,'category/create',7312304),
(32,'2024-11-12 11:23:57','1',0.091208,'::1','POST',1,'category/create',7312304),
(33,'2024-11-12 11:24:02','1',0.0993631,'::1','POST',1,'category/create',7312304),
(34,'2024-11-12 11:24:07','1',0.0986249,'::1','POST',1,'category/create',7312336),
(35,'2024-11-12 11:24:12','1',0.0930178,'::1','POST',1,'category/create',7312336),
(36,'2024-11-12 11:29:50','1',0.0886519,'::1','POST',1,'age-group/create',7314520),
(37,'2024-11-12 11:30:02','1',0.098011,'::1','POST',1,'age-group/create',7314520),
(38,'2024-11-12 11:30:07','1',0.091023,'::1','POST',1,'age-group/create',7314520),
(39,'2024-11-12 11:30:15','1',0.0831542,'::1','POST',1,'age-group/update',7403880),
(40,'2024-11-12 11:30:19','1',0.0897379,'::1','POST',1,'age-group/update',7403880),
(41,'2024-11-12 11:30:45','1',0.0955839,'::1','POST',1,'age-group/update',7403880),
(42,'2024-11-12 11:30:50','1',0.315164,'::1','POST',1,'age-group/create',7314520),
(43,'2024-11-12 11:30:57','1',0.0902109,'::1','POST',1,'age-group/update',7403880),
(44,'2024-11-12 11:31:02','1',0.0870621,'::1','POST',1,'age-group/create',7314520),
(45,'2024-11-12 11:31:06','1',0.0876861,'::1','POST',1,'age-group/create',7314520),
(46,'2024-11-12 11:31:10','1',0.0863571,'::1','POST',1,'age-group/create',7314520),
(47,'2024-11-12 11:31:19','1',0.0950692,'::1','POST',1,'age-group/create',7314520),
(48,'2024-11-12 11:32:14','1',0.089932,'::1','POST',1,'age-group/create',7314520),
(49,'2024-11-12 11:32:23','1',0.095969,'::1','POST',1,'age-group/create',7314520),
(50,'2024-11-12 12:29:18',NULL,0.0874071,'::1','POST',1,'stopwatch/upload',7088240),
(51,'2024-11-12 12:30:00',NULL,0.103221,'::1','POST',1,'stopwatch/upload',7160744),
(52,'2024-11-12 12:30:56',NULL,0.080693,'::1','POST',1,'stopwatch/upload',7156872),
(53,'2024-11-12 12:31:05',NULL,0.098655,'::1','POST',1,'stopwatch/upload',7156872),
(54,'2024-11-12 12:31:22',NULL,0.0820069,'::1','POST',1,'stopwatch/upload',7156872),
(55,'2024-11-12 12:31:45',NULL,0.0851028,'::1','POST',1,'stopwatch/upload',7156872),
(56,'2024-11-12 12:31:59',NULL,0.0927341,'::1','POST',1,'stopwatch/upload',7156872),
(57,'2024-11-12 12:32:15',NULL,0.0995159,'::1','POST',1,'stopwatch/upload',7156872),
(58,'2024-11-12 12:32:25',NULL,0.0889702,'::1','POST',1,'stopwatch/upload',7156872),
(59,'2024-11-12 12:33:08',NULL,0.0921371,'::1','POST',1,'stopwatch/upload',7156872),
(60,'2024-11-12 12:34:57',NULL,0.0959251,'::1','POST',1,'stopwatch/upload',7156872),
(61,'2024-11-12 12:35:36',NULL,0.0830791,'::1','POST',1,'stopwatch/upload',7084368),
(62,'2024-11-12 12:35:44',NULL,0.0766749,'::1','POST',1,'stopwatch/upload',7156872),
(63,'2024-11-12 12:35:59',NULL,0.102292,'::1','POST',1,'stopwatch/upload',7156872),
(64,'2024-11-12 12:36:06',NULL,0.089283,'::1','POST',1,'stopwatch/upload',7156872),
(65,'2024-11-12 12:36:14',NULL,0.0857849,'::1','POST',1,'stopwatch/upload',7156872),
(66,'2024-11-12 12:36:21',NULL,0.0834408,'::1','POST',1,'stopwatch/upload',7156872),
(67,'2024-11-12 12:36:29',NULL,0.085433,'::1','POST',1,'stopwatch/upload',7156872),
(68,'2024-11-12 12:36:38',NULL,0.0783579,'::1','POST',1,'stopwatch/upload',7156872),
(69,'2024-11-12 12:38:16',NULL,0.0960062,'::1','POST',1,'stopwatch/upload',7156872),
(70,'2024-11-12 12:58:17',NULL,0.101439,'::1','POST',1,'stopwatch/upload',7156872),
(71,'2024-11-12 12:58:44',NULL,0.102582,'::1','POST',1,'stopwatch/upload',7156872),
(72,'2024-11-12 13:00:19',NULL,0.0997789,'::1','POST',1,'stopwatch/upload',7156872),
(73,'2024-11-12 13:00:25',NULL,0.0764821,'::1','POST',1,'stopwatch/upload',7156872),
(74,'2024-11-12 13:00:35',NULL,0.087719,'::1','POST',1,'stopwatch/upload',7156872),
(75,'2024-11-12 13:00:43',NULL,0.0829971,'::1','POST',1,'stopwatch/upload',7156872),
(76,'2024-11-12 14:17:32',NULL,0.179582,'::1','POST',1,'stopwatch/upload',7156872),
(77,'2024-11-12 14:21:49',NULL,0.224325,'::1','POST',1,'stopwatch/upload',7156872),
(78,'2024-11-12 14:26:22',NULL,0.228062,'::1','POST',1,'stopwatch/upload',7156872),
(79,'2024-11-12 14:34:08','1',0.144679,'::1','POST',0,'stopwatch/delete',7532096),
(80,'2024-11-12 14:34:11','1',0.123734,'::1','POST',0,'stopwatch/delete',7532096),
(81,'2024-11-12 14:34:19',NULL,0.283961,'::1','POST',1,'stopwatch/upload',7156872),
(82,'2024-11-12 14:34:28',NULL,0.169173,'::1','POST',1,'stopwatch/upload',7156872),
(83,'2024-11-12 14:35:04',NULL,0.333745,'::1','POST',1,'stopwatch/upload',7156872),
(84,'2024-11-12 14:35:11',NULL,0.122739,'::1','POST',1,'stopwatch/upload',7156872),
(85,'2024-11-12 14:38:34',NULL,0.38683,'::1','POST',1,'stopwatch/upload',7156872),
(86,'2024-11-12 14:50:49','1',0.179667,'::1','POST',0,'stopwatch/update',7534608),
(87,'2024-11-12 14:53:43','1',0.166966,'::1','POST',1,'stopwatch/update',7478160),
(88,'2024-11-12 14:54:03','1',0.164008,'::1','POST',1,'stopwatch/update',7478160),
(89,'2024-11-12 14:54:11','1',0.13535,'::1','POST',1,'stopwatch/update',7478160),
(90,'2024-11-12 14:54:15','1',0.143664,'::1','POST',1,'stopwatch/update',7478160),
(91,'2024-11-12 14:54:25',NULL,0.190977,'::1','POST',1,'stopwatch/upload',7156872),
(92,'2024-11-12 14:54:42',NULL,0.362388,'::1','POST',1,'stopwatch/upload',7156872),
(93,'2024-11-12 14:54:55','1',0.148208,'::1','POST',0,'stopwatch/delete',7533312),
(94,'2024-11-12 14:54:58','1',0.118281,'::1','POST',0,'stopwatch/delete',7533216),
(95,'2024-11-12 14:55:00','1',0.163701,'::1','POST',0,'stopwatch/delete',7533216),
(96,'2024-11-12 15:31:15',NULL,0.167458,'::1','POST',1,'stopwatch/upload',7204640),
(97,'2024-11-12 15:41:05',NULL,0.154248,'::1','POST',1,'stopwatch/upload',7206184),
(98,'2024-11-12 15:41:44',NULL,0.148676,'::1','POST',1,'stopwatch/upload',7206192),
(99,'2024-11-12 15:42:39',NULL,0.143994,'::1','POST',1,'stopwatch/upload',7206192),
(100,'2024-11-12 15:44:09',NULL,0.142192,'::1','POST',1,'stopwatch/upload',7206192),
(101,'2024-11-12 15:44:48',NULL,0.143308,'::1','POST',1,'stopwatch/upload',7206192),
(102,'2024-11-12 16:02:04',NULL,0.141825,'::1','POST',1,'stopwatch/upload',7206824),
(103,'2024-11-12 16:02:54',NULL,0.137817,'::1','POST',1,'stopwatch/upload',7206824),
(104,'2024-11-12 16:03:10',NULL,0.126472,'::1','POST',1,'stopwatch/upload',7134320),
(105,'2024-11-12 16:07:29',NULL,0.126698,'::1','POST',1,'stopwatch/upload',7134320),
(106,'2024-11-12 16:08:35',NULL,0.128484,'::1','POST',1,'stopwatch/upload',7206824),
(107,'2024-11-12 16:09:56',NULL,0.141306,'::1','POST',1,'stopwatch/upload',7206824),
(108,'2024-11-12 16:10:30',NULL,0.138429,'::1','POST',1,'stopwatch/upload',7206824),
(109,'2024-11-12 16:10:47',NULL,0.134522,'::1','POST',1,'stopwatch/upload',7206824),
(110,'2024-11-12 16:26:44',NULL,NULL,'172.68.225.227','POST',1,'stopwatch/upload',NULL),
(111,'2024-11-12 16:31:47',NULL,0.172739,'172.71.215.18','POST',1,'stopwatch/upload',7200744),
(112,'2024-11-12 16:32:59',NULL,0.115506,'172.71.215.69','POST',1,'stopwatch/upload',7200744),
(113,'2024-11-12 16:41:55',NULL,0.129496,'172.71.214.163','POST',1,'stopwatch/upload',7200744),
(114,'2024-11-12 16:42:04',NULL,0.104329,'172.71.214.162','POST',1,'stopwatch/upload',7200744),
(115,'2024-11-12 16:42:14',NULL,0.10285,'172.71.214.162','POST',1,'stopwatch/upload',7200744),
(116,'2024-11-12 16:42:31',NULL,0.101539,'172.71.214.162','POST',1,'stopwatch/upload',7200744),
(117,'2024-11-12 16:42:44',NULL,0.130181,'172.71.214.163','POST',1,'stopwatch/upload',7200744),
(118,'2024-11-12 16:42:55',NULL,0.127666,'172.71.214.162','POST',1,'stopwatch/upload',7200744),
(119,'2024-11-12 16:43:17',NULL,0.127424,'172.71.214.163','POST',1,'stopwatch/upload',7200744),
(120,'2024-11-12 16:43:29',NULL,0.108163,'172.71.214.163','POST',1,'stopwatch/upload',7200744),
(121,'2024-11-12 16:43:44',NULL,0.109175,'172.71.214.162','POST',1,'stopwatch/upload',7200744),
(122,'2024-11-12 16:43:55',NULL,0.141186,'172.71.214.163','POST',1,'stopwatch/upload',7200744),
(123,'2024-11-12 16:44:08',NULL,0.123345,'172.71.214.163','POST',1,'stopwatch/upload',7200744),
(124,'2024-11-12 16:44:20',NULL,0.128015,'172.71.214.162','POST',1,'stopwatch/upload',7200744),
(125,'2024-11-12 16:51:41','1',0.123984,'162.158.114.199','POST',0,'stopwatch/delete',7584808),
(126,'2024-11-12 16:51:43','1',0.133281,'162.158.114.199','POST',0,'stopwatch/delete',7593048),
(127,'2024-11-12 16:51:44','1',0.134765,'162.158.114.199','POST',0,'stopwatch/delete',7593048),
(128,'2024-11-12 16:51:46','1',0.112381,'162.158.114.199','POST',0,'stopwatch/delete',7593048),
(129,'2024-11-12 16:51:50','1',0.137056,'162.158.114.199','POST',0,'stopwatch/delete',7584712),
(130,'2024-11-12 16:51:53','1',0.116453,'162.158.114.199','POST',0,'stopwatch/delete',7584712),
(131,'2024-11-12 17:06:55',NULL,0.113635,'172.71.214.162','POST',1,'stopwatch/upload',7200744),
(132,'2024-11-12 17:07:16',NULL,0.120777,'162.158.114.198','POST',1,'stopwatch/upload',7203288),
(133,'2024-11-12 17:08:00',NULL,0.101601,'162.158.114.198','POST',1,'stopwatch/upload',7203288),
(134,'2024-11-12 17:08:11',NULL,0.0990679,'162.158.114.199','POST',1,'stopwatch/upload',7203288),
(135,'2024-11-12 17:08:17',NULL,0.0996802,'162.158.114.198','POST',1,'stopwatch/upload',7203288),
(136,'2024-11-12 17:08:23',NULL,0.12797,'162.158.114.198','POST',1,'stopwatch/upload',7203288),
(137,'2024-11-12 17:08:31',NULL,0.11079,'162.158.114.198','POST',1,'stopwatch/upload',7203288),
(138,'2024-11-12 17:08:40',NULL,1.60097,'162.158.114.199','POST',1,'stopwatch/upload',7203288),
(139,'2024-11-12 17:08:53',NULL,0.528942,'162.158.114.198','POST',1,'stopwatch/upload',7203288),
(140,'2024-11-12 17:12:54','1',0.110375,'162.158.114.199','POST',0,'stopwatch/delete',7584712),
(141,'2024-11-12 17:12:57','1',0.106696,'162.158.114.199','POST',0,'stopwatch/delete',7584712),
(142,'2024-11-12 17:12:59','1',0.120428,'162.158.114.199','POST',0,'stopwatch/delete',7584712),
(143,'2024-11-12 17:13:01','1',0.130593,'162.158.114.199','POST',0,'stopwatch/delete',7584712),
(144,'2024-11-12 17:13:03','1',0.1289,'162.158.114.199','POST',0,'stopwatch/delete',7584712),
(145,'2024-11-12 17:13:05','1',0.106034,'162.158.114.199','POST',0,'stopwatch/delete',7584712),
(146,'2024-11-12 17:13:07','1',0.105921,'162.158.114.199','POST',0,'stopwatch/delete',7584712),
(147,'2024-11-12 17:13:08','1',0.113547,'162.158.114.199','POST',0,'stopwatch/delete',7584712),
(148,'2024-11-12 17:13:10','1',0.105199,'162.158.114.199','POST',0,'stopwatch/delete',7584712),
(149,'2024-11-12 17:13:18',NULL,0.123366,'162.158.114.198','POST',1,'stopwatch/upload',7203288),
(150,'2024-11-12 17:13:31',NULL,0.107536,'162.158.114.199','POST',1,'stopwatch/upload',7203288),
(151,'2024-11-12 17:13:43',NULL,0.098583,'162.158.114.199','POST',1,'stopwatch/upload',7203288),
(152,'2024-11-12 17:13:57',NULL,0.0982928,'162.158.114.198','POST',1,'stopwatch/upload',7203288),
(153,'2024-11-12 17:14:01','1',0.109728,'162.158.114.198','POST',0,'stopwatch/delete',7584712),
(154,'2024-11-12 17:14:03','1',0.129546,'162.158.114.198','POST',0,'stopwatch/delete',7584712),
(155,'2024-11-12 17:14:05','1',0.110745,'162.158.114.198','POST',0,'stopwatch/delete',7584712),
(156,'2024-11-12 17:14:07','1',0.109946,'162.158.114.198','POST',0,'stopwatch/delete',7584712),
(157,'2024-11-12 17:24:13',NULL,0.136745,'162.158.114.198','POST',1,'stopwatch/upload',7203288),
(158,'2024-11-12 17:24:22',NULL,0.112821,'162.158.114.198','POST',1,'stopwatch/upload',7203288),
(159,'2024-11-12 17:24:29',NULL,0.09935,'162.158.114.199','POST',1,'stopwatch/upload',7203288),
(160,'2024-11-12 17:24:37',NULL,0.101218,'162.158.114.199','POST',1,'stopwatch/upload',7203288),
(161,'2024-11-12 17:24:44',NULL,0.100681,'162.158.114.198','POST',1,'stopwatch/upload',7203288),
(162,'2024-11-12 17:24:51',NULL,0.12135,'162.158.114.199','POST',1,'stopwatch/upload',7203288),
(163,'2024-11-12 17:24:59',NULL,0.113553,'162.158.114.198','POST',1,'stopwatch/upload',7203288),
(164,'2024-11-12 17:25:07',NULL,0.117902,'162.158.114.198','POST',1,'stopwatch/upload',7203288),
(165,'2024-11-12 17:25:17',NULL,0.118431,'162.158.114.198','POST',1,'stopwatch/upload',7203288),
(166,'2024-11-12 17:25:24',NULL,0.0982449,'162.158.114.199','POST',1,'stopwatch/upload',7203288),
(167,'2024-11-12 17:25:45',NULL,0.112659,'162.158.114.198','POST',1,'stopwatch/upload',7203288),
(168,'2024-11-12 17:31:22',NULL,0.139887,'::1','POST',1,'stopwatch/upload',7202432),
(169,'2024-11-12 17:31:32',NULL,0.108316,'::1','POST',1,'stopwatch/upload',7202432),
(170,'2024-11-12 17:31:44',NULL,0.137347,'::1','POST',1,'stopwatch/upload',7202432),
(171,'2024-11-12 17:31:52',NULL,0.13634,'::1','POST',1,'stopwatch/upload',7202432),
(172,'2024-11-12 17:31:58',NULL,0.129424,'::1','POST',1,'stopwatch/upload',7202432),
(173,'2024-11-12 17:32:05',NULL,0.204198,'::1','POST',1,'stopwatch/upload',7202432),
(174,'2024-11-12 17:32:11',NULL,0.13922,'::1','POST',1,'stopwatch/upload',7202432),
(175,'2024-11-12 22:05:08',NULL,0.257858,'172.71.124.65','POST',1,'stopwatch/upload',7204120),
(176,'2024-11-13 07:12:07',NULL,0.222136,'172.70.207.43','POST',1,'stopwatch/upload',7203728),
(177,'2024-11-13 07:12:31',NULL,0.100313,'172.70.207.43','POST',1,'stopwatch/upload',7203728),
(178,'2024-11-13 07:12:45',NULL,0.103853,'172.70.207.43','POST',1,'stopwatch/upload',7203728),
(179,'2024-11-13 07:13:03',NULL,0.102508,'172.70.207.43','POST',1,'stopwatch/upload',7203728),
(180,'2024-11-13 07:13:17',NULL,0.118827,'172.70.207.43','POST',1,'stopwatch/upload',7203728),
(181,'2024-11-13 07:13:31',NULL,0.0997791,'172.70.207.44','POST',1,'stopwatch/upload',7203728),
(182,'2024-11-13 07:14:22',NULL,0.110559,'172.69.33.45','POST',1,'stopwatch/upload',7130496),
(183,'2024-11-13 07:14:47',NULL,0.105686,'172.69.33.45','POST',1,'stopwatch/upload',7130496),
(184,'2024-11-13 07:37:17',NULL,0.128905,'172.71.81.214','POST',1,'stopwatch/upload',7204120),
(185,'2024-11-13 07:37:27',NULL,0.121549,'172.71.81.214','POST',1,'stopwatch/upload',7204120),
(186,'2024-11-13 13:29:14',NULL,0.133346,'172.70.207.121','POST',1,'stopwatch/upload',7204160),
(187,'2024-11-13 13:30:10',NULL,0.118448,'172.70.207.203','POST',1,'stopwatch/upload',7204160),
(188,'2024-11-13 13:30:28',NULL,0.122828,'172.70.207.204','POST',1,'stopwatch/upload',7204160),
(189,'2024-11-13 13:33:39',NULL,0.1313,'172.69.34.119','POST',1,'stopwatch/upload',7204160);

/*Data for the table `audit_error` */

/*Table structure for table `audit_javascript` */


CREATE TABLE `audit_javascript` (
  `id` int NOT NULL AUTO_INCREMENT,
  `entry_id` int NOT NULL,
  `created` datetime NOT NULL,
  `type` varchar(20) NOT NULL,
  `message` text NOT NULL,
  `origin` varchar(512) DEFAULT NULL,
  `data` blob,
  PRIMARY KEY (`id`),
  KEY `fk_audit_javascript_entry_id` (`entry_id`),
  CONSTRAINT `fk_audit_javascript_entry_id` FOREIGN KEY (`entry_id`) REFERENCES `audit_entry` (`id`)
) ENGINE=InnoDB DEFAULT CHARSET=utf8mb3;

/*Data for the table `audit_javascript` */

/*Table structure for table `audit_mail` */


CREATE TABLE `audit_mail` (
  `id` int NOT NULL AUTO_INCREMENT,
  `entry_id` int NOT NULL,
  `created` datetime NOT NULL,
  `successful` int NOT NULL,
  `from` varchar(255) DEFAULT NULL,
  `to` varchar(255) DEFAULT NULL,
  `reply` varchar(255) DEFAULT NULL,
  `cc` varchar(255) DEFAULT NULL,
  `bcc` varchar(255) DEFAULT NULL,
  `subject` varchar(255) DEFAULT NULL,
  `text` blob,
  `html` blob,
  `data` longblob,
  PRIMARY KEY (`id`),
  KEY `fk_audit_mail_entry_id` (`entry_id`),
  CONSTRAINT `fk_audit_mail_entry_id` FOREIGN KEY (`entry_id`) REFERENCES `audit_entry` (`id`)
) ENGINE=InnoDB DEFAULT CHARSET=utf8mb3;

/*Data for the table `audit_mail` */

/*Table structure for table `audit_trail` */


CREATE TABLE `audit_trail` (
  `id` int NOT NULL AUTO_INCREMENT,
  `entry_id` int DEFAULT NULL,
  `user_id` varchar(255) DEFAULT NULL,
  `action` varchar(255) NOT NULL,
  `model` varchar(255) NOT NULL,
  `model_id` varchar(255) NOT NULL,
  `field` varchar(255) DEFAULT NULL,
  `old_value` text,
  `new_value` text,
  `created` datetime NOT NULL,
  PRIMARY KEY (`id`),
  KEY `fk_audit_trail_entry_id` (`entry_id`),
  KEY `idx_audit_user_id` (`user_id`),
  KEY `idx_audit_trail_field` (`model`,`model_id`,`field`),
  KEY `idx_audit_trail_action` (`action`),
  CONSTRAINT `fk_audit_trail_entry_id` FOREIGN KEY (`entry_id`) REFERENCES `audit_entry` (`id`)
) ENGINE=InnoDB AUTO_INCREMENT=814 DEFAULT CHARSET=utf8mb3;

/*Data for the table `audit_trail` */

insert  into `audit_trail`(`id`,`entry_id`,`user_id`,`action`,`model`,`model_id`,`field`,`old_value`,`new_value`,`created`) values 
(1,1,'1','CREATE','common\\models\\Event','1','code','','SC2024','2024-11-11 17:07:34'),
(2,1,'1','CREATE','common\\models\\Event','1','name','','SPRINT CARNIVAL 2024','2024-11-11 17:07:34'),
(3,1,'1','CREATE','common\\models\\Event','1','date_from','','2024-11-16','2024-11-11 17:07:34'),
(4,1,'1','CREATE','common\\models\\Event','1','date_to','','2024-11-16','2024-11-11 17:07:34'),
(5,1,'1','CREATE','common\\models\\Event','1','venue','','PADANG PAPAR','2024-11-11 17:07:34'),
(6,1,'1','CREATE','common\\models\\Event','1','venue_link','','https://maps.app.goo.gl/cx3qaUycJv11ED3L7','2024-11-11 17:07:34'),
(7,1,'1','CREATE','common\\models\\Event','1','status','','1','2024-11-11 17:07:34'),
(8,1,'1','CREATE','common\\models\\Event','1','created_by','','1','2024-11-11 17:07:34'),
(9,1,'1','CREATE','common\\models\\Event','1','updated_by','','1','2024-11-11 17:07:34'),
(10,2,'1','UPDATE','common\\models\\Event','1','status','1','-1','2024-11-11 17:21:08'),
(11,2,'1','UPDATE','common\\models\\Event','1','deleted_at','','2024-11-11 17:21:08','2024-11-11 17:21:08'),
(12,2,'1','UPDATE','common\\models\\Event','1','deleted_by','','1','2024-11-11 17:21:08'),
(13,3,'1','UPDATE','common\\models\\Event','1','status','1','-1','2024-11-11 17:24:15'),
(14,3,'1','UPDATE','common\\models\\Event','1','deleted_at','','2024-11-11 17:24:15','2024-11-11 17:24:15'),
(15,3,'1','UPDATE','common\\models\\Event','1','deleted_by','','1','2024-11-11 17:24:15'),
(16,4,'1','UPDATE','common\\models\\Event','1','deleted_at','2024-11-11 17:24:15','2024-11-11 17:24:20','2024-11-11 17:24:20'),
(17,5,'1','UPDATE','common\\models\\Event','1','deleted_at','2024-11-11 17:24:20','2024-11-11 17:24:28','2024-11-11 17:24:28'),
(18,6,'1','UPDATE','common\\models\\Event','1','status','-1','1','2024-11-11 17:24:57'),
(19,7,'1','UPDATE','common\\models\\Event','1','status','1','-1','2024-11-11 17:26:29'),
(20,7,'1','UPDATE','common\\models\\Event','1','deleted_at','2024-11-11 17:24:28','2024-11-11 17:26:29','2024-11-11 17:26:29'),
(21,8,'1','UPDATE','common\\models\\Event','1','status','-1','1','2024-11-11 17:26:35'),
(24,11,'1','UPDATE','common\\models\\Event','1','img_thumbnail','','241111175146_padang_papar.jpg','2024-11-11 17:51:46'),
(25,11,'1','UPDATE','common\\models\\Event','1','img_cover','','241111175146_track.jpg','2024-11-11 17:51:46'),
(26,12,'1','UPDATE','common\\models\\Event','1','img_thumbnail','241111175146_padang_papar.jpg','241111175214_padang_papar.jpg','2024-11-11 17:52:14'),
(27,12,'1','UPDATE','common\\models\\Event','1','img_cover','241111175146_track.jpg','241111175214_track.jpg','2024-11-11 17:52:14'),
(28,13,'1','UPDATE','common\\models\\Event','1','venue','PADANG PAPAR','PADANG PAPAR, organized by PAPAR MASTERS','2024-11-12 10:22:11'),
(29,14,'1','UPDATE','common\\models\\Event','1','venue','PADANG PAPAR, organized by PAPAR MASTERS','PADANG PAPAR','2024-11-12 10:22:19'),
(30,14,'1','UPDATE','common\\models\\Event','1','event_details','','organized by PAPAR MASTERS','2024-11-12 10:22:19'),
(31,15,'1','CREATE','common\\models\\Category','1','event_id','','1','2024-11-12 10:54:54'),
(32,15,'1','CREATE','common\\models\\Category','1','name','','test','2024-11-12 10:54:54'),
(33,15,'1','CREATE','common\\models\\Category','1','created_by','','1','2024-11-12 10:54:54'),
(34,15,'1','CREATE','common\\models\\Category','1','updated_by','','1','2024-11-12 10:54:54'),
(35,16,'1','CREATE','common\\models\\Category','2','event_id','','1','2024-11-12 11:05:01'),
(36,16,'1','CREATE','common\\models\\Category','2','name','','test','2024-11-12 11:05:01'),
(37,16,'1','CREATE','common\\models\\Category','2','created_by','','1','2024-11-12 11:05:01'),
(38,16,'1','CREATE','common\\models\\Category','2','updated_by','','1','2024-11-12 11:05:01'),
(39,17,'1','CREATE','common\\models\\Category','3','event_id','','1','2024-11-12 11:08:05'),
(40,17,'1','CREATE','common\\models\\Category','3','name','','test','2024-11-12 11:08:05'),
(41,17,'1','CREATE','common\\models\\Category','3','created_by','','1','2024-11-12 11:08:05'),
(42,17,'1','CREATE','common\\models\\Category','3','updated_by','','1','2024-11-12 11:08:05'),
(43,18,'1','UPDATE','common\\models\\Category','2','name','test','test asdasd','2024-11-12 11:15:51'),
(44,19,'1','UPDATE','common\\models\\Category','3','name','test','testssss','2024-11-12 11:15:55'),
(45,20,'1','UPDATE','common\\models\\Category','3','status','1','-1','2024-11-12 11:19:32'),
(46,20,'1','UPDATE','common\\models\\Category','3','deleted_by','','1','2024-11-12 11:19:32'),
(47,20,'1','UPDATE','common\\models\\Category','3','deleted_at','','2024-11-12 11:19:32','2024-11-12 11:19:32'),
(48,21,'1','UPDATE','common\\models\\Category','2','status','1','-1','2024-11-12 11:20:02'),
(49,21,'1','UPDATE','common\\models\\Category','2','deleted_by','','1','2024-11-12 11:20:02'),
(50,21,'1','UPDATE','common\\models\\Category','2','deleted_at','','2024-11-12 11:20:02','2024-11-12 11:20:02'),
(51,22,'1','UPDATE','common\\models\\Category','3','status','1','-1','2024-11-12 11:20:43'),
(52,22,'1','UPDATE','common\\models\\Category','3','deleted_at','2024-11-12 11:19:32','2024-11-12 11:20:43','2024-11-12 11:20:43'),
(53,23,'1','UPDATE','common\\models\\Category','2','status','1','-1','2024-11-12 11:20:45'),
(54,23,'1','UPDATE','common\\models\\Category','2','deleted_at','2024-11-12 11:20:02','2024-11-12 11:20:45','2024-11-12 11:20:45'),
(55,24,'1','UPDATE','common\\models\\Category','1','status','1','-1','2024-11-12 11:20:47'),
(56,24,'1','UPDATE','common\\models\\Category','1','deleted_by','','1','2024-11-12 11:20:47'),
(57,24,'1','UPDATE','common\\models\\Category','1','deleted_at','','2024-11-12 11:20:47','2024-11-12 11:20:47'),
(58,25,'1','CREATE','common\\models\\Category','4','event_id','','1','2024-11-12 11:20:54'),
(59,25,'1','CREATE','common\\models\\Category','4','name','','60M MEN','2024-11-12 11:20:54'),
(60,25,'1','CREATE','common\\models\\Category','4','status','','1','2024-11-12 11:20:54'),
(61,25,'1','CREATE','common\\models\\Category','4','created_by','','1','2024-11-12 11:20:54'),
(62,25,'1','CREATE','common\\models\\Category','4','updated_by','','1','2024-11-12 11:20:54'),
(63,26,'1','CREATE','common\\models\\Category','5','event_id','','1','2024-11-12 11:20:59'),
(64,26,'1','CREATE','common\\models\\Category','5','name','','100M MEN','2024-11-12 11:20:59'),
(65,26,'1','CREATE','common\\models\\Category','5','status','','1','2024-11-12 11:20:59'),
(66,26,'1','CREATE','common\\models\\Category','5','created_by','','1','2024-11-12 11:20:59'),
(67,26,'1','CREATE','common\\models\\Category','5','updated_by','','1','2024-11-12 11:20:59'),
(68,27,'1','CREATE','common\\models\\Category','6','event_id','','1','2024-11-12 11:21:03'),
(69,27,'1','CREATE','common\\models\\Category','6','name','','200M MEN','2024-11-12 11:21:03'),
(70,27,'1','CREATE','common\\models\\Category','6','status','','1','2024-11-12 11:21:03'),
(71,27,'1','CREATE','common\\models\\Category','6','created_by','','1','2024-11-12 11:21:03'),
(72,27,'1','CREATE','common\\models\\Category','6','updated_by','','1','2024-11-12 11:21:03'),
(73,28,'1','UPDATE','common\\models\\Category','6','name','200M MEN','200M MENasda','2024-11-12 11:21:08'),
(74,29,'1','UPDATE','common\\models\\Category','6','name','200M MENasda','200M MEN','2024-11-12 11:21:13'),
(75,30,'1','CREATE','common\\models\\Category','1','event_id','','1','2024-11-12 11:23:48'),
(76,30,'1','CREATE','common\\models\\Category','1','name','','60M MEN','2024-11-12 11:23:48'),
(77,30,'1','CREATE','common\\models\\Category','1','status','','1','2024-11-12 11:23:48'),
(78,30,'1','CREATE','common\\models\\Category','1','created_by','','1','2024-11-12 11:23:48'),
(79,30,'1','CREATE','common\\models\\Category','1','updated_by','','1','2024-11-12 11:23:48'),
(80,31,'1','CREATE','common\\models\\Category','2','event_id','','1','2024-11-12 11:23:53'),
(81,31,'1','CREATE','common\\models\\Category','2','name','','100M MEN','2024-11-12 11:23:53'),
(82,31,'1','CREATE','common\\models\\Category','2','status','','1','2024-11-12 11:23:53'),
(83,31,'1','CREATE','common\\models\\Category','2','created_by','','1','2024-11-12 11:23:53'),
(84,31,'1','CREATE','common\\models\\Category','2','updated_by','','1','2024-11-12 11:23:53'),
(85,32,'1','CREATE','common\\models\\Category','3','event_id','','1','2024-11-12 11:23:57'),
(86,32,'1','CREATE','common\\models\\Category','3','name','','200M MEN','2024-11-12 11:23:57'),
(87,32,'1','CREATE','common\\models\\Category','3','status','','1','2024-11-12 11:23:57'),
(88,32,'1','CREATE','common\\models\\Category','3','created_by','','1','2024-11-12 11:23:57'),
(89,32,'1','CREATE','common\\models\\Category','3','updated_by','','1','2024-11-12 11:23:57'),
(90,33,'1','CREATE','common\\models\\Category','4','event_id','','1','2024-11-12 11:24:02'),
(91,33,'1','CREATE','common\\models\\Category','4','name','','60M WOMEN','2024-11-12 11:24:02'),
(92,33,'1','CREATE','common\\models\\Category','4','status','','1','2024-11-12 11:24:02'),
(93,33,'1','CREATE','common\\models\\Category','4','created_by','','1','2024-11-12 11:24:02'),
(94,33,'1','CREATE','common\\models\\Category','4','updated_by','','1','2024-11-12 11:24:02'),
(95,34,'1','CREATE','common\\models\\Category','5','event_id','','1','2024-11-12 11:24:07'),
(96,34,'1','CREATE','common\\models\\Category','5','name','','100M WOMEN','2024-11-12 11:24:07'),
(97,34,'1','CREATE','common\\models\\Category','5','status','','1','2024-11-12 11:24:07'),
(98,34,'1','CREATE','common\\models\\Category','5','created_by','','1','2024-11-12 11:24:07'),
(99,34,'1','CREATE','common\\models\\Category','5','updated_by','','1','2024-11-12 11:24:07'),
(100,35,'1','CREATE','common\\models\\Category','6','event_id','','1','2024-11-12 11:24:12'),
(101,35,'1','CREATE','common\\models\\Category','6','name','','200M WOMEN','2024-11-12 11:24:12'),
(102,35,'1','CREATE','common\\models\\Category','6','status','','1','2024-11-12 11:24:12'),
(103,35,'1','CREATE','common\\models\\Category','6','created_by','','1','2024-11-12 11:24:12'),
(104,35,'1','CREATE','common\\models\\Category','6','updated_by','','1','2024-11-12 11:24:12'),
(105,36,'1','CREATE','common\\models\\AgeGroup','1','event_id','','1','2024-11-12 11:29:50'),
(106,36,'1','CREATE','common\\models\\AgeGroup','1','name','','35-39','2024-11-12 11:29:50'),
(107,36,'1','CREATE','common\\models\\AgeGroup','1','status','','1','2024-11-12 11:29:50'),
(108,36,'1','CREATE','common\\models\\AgeGroup','1','created_by','','1','2024-11-12 11:29:50'),
(109,36,'1','CREATE','common\\models\\AgeGroup','1','updated_by','','1','2024-11-12 11:29:50'),
(110,37,'1','CREATE','common\\models\\AgeGroup','2','event_id','','1','2024-11-12 11:30:02'),
(111,37,'1','CREATE','common\\models\\AgeGroup','2','name','','40-44','2024-11-12 11:30:02'),
(112,37,'1','CREATE','common\\models\\AgeGroup','2','status','','1','2024-11-12 11:30:02'),
(113,37,'1','CREATE','common\\models\\AgeGroup','2','created_by','','1','2024-11-12 11:30:02'),
(114,37,'1','CREATE','common\\models\\AgeGroup','2','updated_by','','1','2024-11-12 11:30:02'),
(115,38,'1','CREATE','common\\models\\AgeGroup','3','event_id','','1','2024-11-12 11:30:07'),
(116,38,'1','CREATE','common\\models\\AgeGroup','3','name','','45-49','2024-11-12 11:30:07'),
(117,38,'1','CREATE','common\\models\\AgeGroup','3','status','','1','2024-11-12 11:30:07'),
(118,38,'1','CREATE','common\\models\\AgeGroup','3','created_by','','1','2024-11-12 11:30:07'),
(119,38,'1','CREATE','common\\models\\AgeGroup','3','updated_by','','1','2024-11-12 11:30:07'),
(120,39,'1','UPDATE','common\\models\\AgeGroup','3','name','45-49','45-48','2024-11-12 11:30:15'),
(121,40,'1','UPDATE','common\\models\\AgeGroup','3','name','45-48','45-50','2024-11-12 11:30:19'),
(122,41,'1','UPDATE','common\\models\\AgeGroup','3','name','45-50','45-49','2024-11-12 11:30:45'),
(123,42,'1','CREATE','common\\models\\AgeGroup','4','event_id','','1','2024-11-12 11:30:50'),
(124,42,'1','CREATE','common\\models\\AgeGroup','4','name','','50 - 54','2024-11-12 11:30:50'),
(125,42,'1','CREATE','common\\models\\AgeGroup','4','status','','1','2024-11-12 11:30:50'),
(126,42,'1','CREATE','common\\models\\AgeGroup','4','created_by','','1','2024-11-12 11:30:50'),
(127,42,'1','CREATE','common\\models\\AgeGroup','4','updated_by','','1','2024-11-12 11:30:50'),
(128,43,'1','UPDATE','common\\models\\AgeGroup','4','name','50 - 54','50-54','2024-11-12 11:30:57'),
(129,44,'1','CREATE','common\\models\\AgeGroup','5','event_id','','1','2024-11-12 11:31:02'),
(130,44,'1','CREATE','common\\models\\AgeGroup','5','name','','55-59','2024-11-12 11:31:02'),
(131,44,'1','CREATE','common\\models\\AgeGroup','5','status','','1','2024-11-12 11:31:02'),
(132,44,'1','CREATE','common\\models\\AgeGroup','5','created_by','','1','2024-11-12 11:31:02'),
(133,44,'1','CREATE','common\\models\\AgeGroup','5','updated_by','','1','2024-11-12 11:31:02'),
(134,45,'1','CREATE','common\\models\\AgeGroup','6','event_id','','1','2024-11-12 11:31:06'),
(135,45,'1','CREATE','common\\models\\AgeGroup','6','name','','60-64','2024-11-12 11:31:06'),
(136,45,'1','CREATE','common\\models\\AgeGroup','6','status','','1','2024-11-12 11:31:06'),
(137,45,'1','CREATE','common\\models\\AgeGroup','6','created_by','','1','2024-11-12 11:31:06'),
(138,45,'1','CREATE','common\\models\\AgeGroup','6','updated_by','','1','2024-11-12 11:31:06'),
(139,46,'1','CREATE','common\\models\\AgeGroup','7','event_id','','1','2024-11-12 11:31:10'),
(140,46,'1','CREATE','common\\models\\AgeGroup','7','name','','64-69','2024-11-12 11:31:10'),
(141,46,'1','CREATE','common\\models\\AgeGroup','7','status','','1','2024-11-12 11:31:10'),
(142,46,'1','CREATE','common\\models\\AgeGroup','7','created_by','','1','2024-11-12 11:31:10'),
(143,46,'1','CREATE','common\\models\\AgeGroup','7','updated_by','','1','2024-11-12 11:31:10'),
(144,47,'1','CREATE','common\\models\\AgeGroup','8','event_id','','1','2024-11-12 11:31:19'),
(145,47,'1','CREATE','common\\models\\AgeGroup','8','name','','70-74','2024-11-12 11:31:19'),
(146,47,'1','CREATE','common\\models\\AgeGroup','8','status','','1','2024-11-12 11:31:19'),
(147,47,'1','CREATE','common\\models\\AgeGroup','8','created_by','','1','2024-11-12 11:31:19'),
(148,47,'1','CREATE','common\\models\\AgeGroup','8','updated_by','','1','2024-11-12 11:31:19'),
(149,48,'1','CREATE','common\\models\\AgeGroup','9','event_id','','1','2024-11-12 11:32:14'),
(150,48,'1','CREATE','common\\models\\AgeGroup','9','name','','80-84','2024-11-12 11:32:14'),
(151,48,'1','CREATE','common\\models\\AgeGroup','9','status','','1','2024-11-12 11:32:14'),
(152,48,'1','CREATE','common\\models\\AgeGroup','9','created_by','','1','2024-11-12 11:32:14'),
(153,48,'1','CREATE','common\\models\\AgeGroup','9','updated_by','','1','2024-11-12 11:32:14'),
(154,49,'1','CREATE','common\\models\\AgeGroup','10','event_id','','1','2024-11-12 11:32:23'),
(155,49,'1','CREATE','common\\models\\AgeGroup','10','name','','85-89','2024-11-12 11:32:23'),
(156,49,'1','CREATE','common\\models\\AgeGroup','10','status','','1','2024-11-12 11:32:23'),
(157,49,'1','CREATE','common\\models\\AgeGroup','10','created_by','','1','2024-11-12 11:32:23'),
(158,49,'1','CREATE','common\\models\\AgeGroup','10','updated_by','','1','2024-11-12 11:32:23'),
(159,50,NULL,'CREATE','common\\models\\Stopwatch','2','event_id','','1','2024-11-12 12:29:18'),
(160,50,NULL,'CREATE','common\\models\\Stopwatch','2','start_time','','2024-11-12 12:29:17.941','2024-11-12 12:29:18'),
(161,50,NULL,'CREATE','common\\models\\Stopwatch','2','status','','1','2024-11-12 12:29:18'),
(162,51,NULL,'CREATE','common\\models\\Stopwatch','1','event_id','','1','2024-11-12 12:30:00'),
(163,51,NULL,'CREATE','common\\models\\Stopwatch','1','category_id','','1','2024-11-12 12:30:00'),
(164,51,NULL,'CREATE','common\\models\\Stopwatch','1','age_group_id','','1','2024-11-12 12:30:00'),
(165,51,NULL,'CREATE','common\\models\\Stopwatch','1','start_time','','2024-11-12 12:30:00.677','2024-11-12 12:30:00'),
(166,51,NULL,'CREATE','common\\models\\Stopwatch','1','status','','1','2024-11-12 12:30:00'),
(167,52,NULL,'CREATE','common\\models\\Stopwatch','2','event_id','','1','2024-11-12 12:30:56'),
(168,52,NULL,'CREATE','common\\models\\Stopwatch','2','category_id','','1','2024-11-12 12:30:56'),
(169,52,NULL,'CREATE','common\\models\\Stopwatch','2','age_group_id','','1','2024-11-12 12:30:56'),
(170,52,NULL,'CREATE','common\\models\\Stopwatch','2','start_time','','2024-11-12 12:30:56.070','2024-11-12 12:30:56'),
(171,52,NULL,'CREATE','common\\models\\Stopwatch','2','status','','1','2024-11-12 12:30:56'),
(172,53,NULL,'CREATE','common\\models\\Stopwatch','3','event_id','','1','2024-11-12 12:31:05'),
(173,53,NULL,'CREATE','common\\models\\Stopwatch','3','category_id','','1','2024-11-12 12:31:05'),
(174,53,NULL,'CREATE','common\\models\\Stopwatch','3','age_group_id','','1','2024-11-12 12:31:05'),
(175,53,NULL,'CREATE','common\\models\\Stopwatch','3','start_time','','2024-11-12 12:31:05.177','2024-11-12 12:31:05'),
(176,53,NULL,'CREATE','common\\models\\Stopwatch','3','status','','1','2024-11-12 12:31:05'),
(177,54,NULL,'CREATE','common\\models\\Stopwatch','4','event_id','','1','2024-11-12 12:31:22'),
(178,54,NULL,'CREATE','common\\models\\Stopwatch','4','category_id','','1','2024-11-12 12:31:22'),
(179,54,NULL,'CREATE','common\\models\\Stopwatch','4','age_group_id','','1','2024-11-12 12:31:22'),
(180,54,NULL,'CREATE','common\\models\\Stopwatch','4','start_time','','2024-11-12 12:31:22.493','2024-11-12 12:31:22'),
(181,54,NULL,'CREATE','common\\models\\Stopwatch','4','status','','1','2024-11-12 12:31:22'),
(182,55,NULL,'CREATE','common\\models\\Stopwatch','5','event_id','','1','2024-11-12 12:31:45'),
(183,55,NULL,'CREATE','common\\models\\Stopwatch','5','category_id','','1','2024-11-12 12:31:45'),
(184,55,NULL,'CREATE','common\\models\\Stopwatch','5','age_group_id','','1','2024-11-12 12:31:45'),
(185,55,NULL,'CREATE','common\\models\\Stopwatch','5','start_time','','2024-11-12 12:31:45.350','2024-11-12 12:31:45'),
(186,55,NULL,'CREATE','common\\models\\Stopwatch','5','status','','1','2024-11-12 12:31:45'),
(187,56,NULL,'CREATE','common\\models\\Stopwatch','6','event_id','','1','2024-11-12 12:31:59'),
(188,56,NULL,'CREATE','common\\models\\Stopwatch','6','category_id','','1','2024-11-12 12:31:59'),
(189,56,NULL,'CREATE','common\\models\\Stopwatch','6','age_group_id','','1','2024-11-12 12:31:59'),
(190,56,NULL,'CREATE','common\\models\\Stopwatch','6','start_time','','2024-11-12 12:31:59.734','2024-11-12 12:31:59'),
(191,56,NULL,'CREATE','common\\models\\Stopwatch','6','status','','1','2024-11-12 12:31:59'),
(192,57,NULL,'CREATE','common\\models\\Stopwatch','7','event_id','','1','2024-11-12 12:32:15'),
(193,57,NULL,'CREATE','common\\models\\Stopwatch','7','category_id','','1','2024-11-12 12:32:15'),
(194,57,NULL,'CREATE','common\\models\\Stopwatch','7','age_group_id','','2','2024-11-12 12:32:15'),
(195,57,NULL,'CREATE','common\\models\\Stopwatch','7','start_time','','2024-11-12 12:32:15.813','2024-11-12 12:32:15'),
(196,57,NULL,'CREATE','common\\models\\Stopwatch','7','status','','1','2024-11-12 12:32:15'),
(197,58,NULL,'CREATE','common\\models\\Stopwatch','8','event_id','','1','2024-11-12 12:32:25'),
(198,58,NULL,'CREATE','common\\models\\Stopwatch','8','category_id','','1','2024-11-12 12:32:25'),
(199,58,NULL,'CREATE','common\\models\\Stopwatch','8','age_group_id','','3','2024-11-12 12:32:25'),
(200,58,NULL,'CREATE','common\\models\\Stopwatch','8','start_time','','2024-11-12 12:32:25.030','2024-11-12 12:32:25'),
(201,58,NULL,'CREATE','common\\models\\Stopwatch','8','status','','1','2024-11-12 12:32:25'),
(202,59,NULL,'CREATE','common\\models\\Stopwatch','1','event_id','','1','2024-11-12 12:33:08'),
(203,59,NULL,'CREATE','common\\models\\Stopwatch','1','category_id','','1','2024-11-12 12:33:08'),
(204,59,NULL,'CREATE','common\\models\\Stopwatch','1','age_group_id','','4','2024-11-12 12:33:08'),
(205,59,NULL,'CREATE','common\\models\\Stopwatch','1','start_time','','2024-11-12 12:33:08.002','2024-11-12 12:33:08'),
(206,59,NULL,'CREATE','common\\models\\Stopwatch','1','status','','1','2024-11-12 12:33:08'),
(207,60,NULL,'CREATE','common\\models\\Stopwatch','2','event_id','','1','2024-11-12 12:34:57'),
(208,60,NULL,'CREATE','common\\models\\Stopwatch','2','category_id','','1','2024-11-12 12:34:57'),
(209,60,NULL,'CREATE','common\\models\\Stopwatch','2','age_group_id','','4','2024-11-12 12:34:57'),
(210,60,NULL,'CREATE','common\\models\\Stopwatch','2','start_time','','2024-11-12 12:34:56.938','2024-11-12 12:34:57'),
(211,60,NULL,'CREATE','common\\models\\Stopwatch','2','status','','1','2024-11-12 12:34:57'),
(212,61,NULL,'CREATE','common\\models\\Stopwatch','3','event_id','','1','2024-11-12 12:35:36'),
(213,61,NULL,'CREATE','common\\models\\Stopwatch','3','start_time','','2024-11-12 12:35:36.672','2024-11-12 12:35:36'),
(214,61,NULL,'CREATE','common\\models\\Stopwatch','3','status','','1','2024-11-12 12:35:36'),
(215,62,NULL,'CREATE','common\\models\\Stopwatch','4','event_id','','1','2024-11-12 12:35:44'),
(216,62,NULL,'CREATE','common\\models\\Stopwatch','4','category_id','','4','2024-11-12 12:35:44'),
(217,62,NULL,'CREATE','common\\models\\Stopwatch','4','age_group_id','','1','2024-11-12 12:35:44'),
(218,62,NULL,'CREATE','common\\models\\Stopwatch','4','start_time','','2024-11-12 12:35:44.696','2024-11-12 12:35:44'),
(219,62,NULL,'CREATE','common\\models\\Stopwatch','4','status','','1','2024-11-12 12:35:44'),
(220,63,NULL,'CREATE','common\\models\\Stopwatch','5','event_id','','1','2024-11-12 12:35:59'),
(221,63,NULL,'CREATE','common\\models\\Stopwatch','5','category_id','','1','2024-11-12 12:35:59'),
(222,63,NULL,'CREATE','common\\models\\Stopwatch','5','age_group_id','','1','2024-11-12 12:35:59'),
(223,63,NULL,'CREATE','common\\models\\Stopwatch','5','start_time','','2024-11-12 12:35:59.403','2024-11-12 12:35:59'),
(224,63,NULL,'CREATE','common\\models\\Stopwatch','5','status','','1','2024-11-12 12:35:59'),
(225,64,NULL,'CREATE','common\\models\\Stopwatch','6','event_id','','1','2024-11-12 12:36:06'),
(226,64,NULL,'CREATE','common\\models\\Stopwatch','6','category_id','','1','2024-11-12 12:36:06'),
(227,64,NULL,'CREATE','common\\models\\Stopwatch','6','age_group_id','','1','2024-11-12 12:36:06'),
(228,64,NULL,'CREATE','common\\models\\Stopwatch','6','start_time','','2024-11-12 12:36:06.610','2024-11-12 12:36:06'),
(229,64,NULL,'CREATE','common\\models\\Stopwatch','6','status','','1','2024-11-12 12:36:06'),
(230,65,NULL,'CREATE','common\\models\\Stopwatch','7','event_id','','1','2024-11-12 12:36:14'),
(231,65,NULL,'CREATE','common\\models\\Stopwatch','7','category_id','','1','2024-11-12 12:36:14'),
(232,65,NULL,'CREATE','common\\models\\Stopwatch','7','age_group_id','','2','2024-11-12 12:36:14'),
(233,65,NULL,'CREATE','common\\models\\Stopwatch','7','start_time','','2024-11-12 12:36:14.376','2024-11-12 12:36:14'),
(234,65,NULL,'CREATE','common\\models\\Stopwatch','7','status','','1','2024-11-12 12:36:14'),
(235,66,NULL,'CREATE','common\\models\\Stopwatch','8','event_id','','1','2024-11-12 12:36:21'),
(236,66,NULL,'CREATE','common\\models\\Stopwatch','8','category_id','','1','2024-11-12 12:36:21'),
(237,66,NULL,'CREATE','common\\models\\Stopwatch','8','age_group_id','','3','2024-11-12 12:36:21'),
(238,66,NULL,'CREATE','common\\models\\Stopwatch','8','start_time','','2024-11-12 12:36:21.562','2024-11-12 12:36:21'),
(239,66,NULL,'CREATE','common\\models\\Stopwatch','8','status','','1','2024-11-12 12:36:21'),
(240,67,NULL,'CREATE','common\\models\\Stopwatch','9','event_id','','1','2024-11-12 12:36:29'),
(241,67,NULL,'CREATE','common\\models\\Stopwatch','9','category_id','','1','2024-11-12 12:36:29'),
(242,67,NULL,'CREATE','common\\models\\Stopwatch','9','age_group_id','','4','2024-11-12 12:36:29'),
(243,67,NULL,'CREATE','common\\models\\Stopwatch','9','start_time','','2024-11-12 12:36:29.631','2024-11-12 12:36:29'),
(244,67,NULL,'CREATE','common\\models\\Stopwatch','9','status','','1','2024-11-12 12:36:29'),
(245,68,NULL,'CREATE','common\\models\\Stopwatch','10','event_id','','1','2024-11-12 12:36:38'),
(246,68,NULL,'CREATE','common\\models\\Stopwatch','10','category_id','','1','2024-11-12 12:36:38'),
(247,68,NULL,'CREATE','common\\models\\Stopwatch','10','age_group_id','','5','2024-11-12 12:36:38'),
(248,68,NULL,'CREATE','common\\models\\Stopwatch','10','start_time','','2024-11-12 12:36:38.696','2024-11-12 12:36:38'),
(249,68,NULL,'CREATE','common\\models\\Stopwatch','10','status','','1','2024-11-12 12:36:38'),
(250,69,NULL,'CREATE','common\\models\\Stopwatch','1','event_id','','1','2024-11-12 12:38:16'),
(251,69,NULL,'CREATE','common\\models\\Stopwatch','1','category_id','','1','2024-11-12 12:38:16'),
(252,69,NULL,'CREATE','common\\models\\Stopwatch','1','age_group_id','','1','2024-11-12 12:38:16'),
(253,69,NULL,'CREATE','common\\models\\Stopwatch','1','start_time','','2024-11-12 12:38:16.864','2024-11-12 12:38:16'),
(254,69,NULL,'CREATE','common\\models\\Stopwatch','1','status','','1','2024-11-12 12:38:16'),
(255,70,NULL,'CREATE','common\\models\\Stopwatch','2','event_id','','1','2024-11-12 12:58:17'),
(256,70,NULL,'CREATE','common\\models\\Stopwatch','2','category_id','','1','2024-11-12 12:58:17'),
(257,70,NULL,'CREATE','common\\models\\Stopwatch','2','age_group_id','','1','2024-11-12 12:58:17'),
(258,70,NULL,'CREATE','common\\models\\Stopwatch','2','start_time','','2024-11-12 12:58:17.743','2024-11-12 12:58:17'),
(259,70,NULL,'CREATE','common\\models\\Stopwatch','2','status','','1','2024-11-12 12:58:17'),
(260,71,NULL,'CREATE','common\\models\\Stopwatch','3','event_id','','1','2024-11-12 12:58:44'),
(261,71,NULL,'CREATE','common\\models\\Stopwatch','3','category_id','','1','2024-11-12 12:58:44'),
(262,71,NULL,'CREATE','common\\models\\Stopwatch','3','age_group_id','','1','2024-11-12 12:58:44'),
(263,71,NULL,'CREATE','common\\models\\Stopwatch','3','start_time','','2024-11-12 12:58:44.078','2024-11-12 12:58:44'),
(264,71,NULL,'CREATE','common\\models\\Stopwatch','3','status','','1','2024-11-12 12:58:44'),
(265,72,NULL,'CREATE','common\\models\\Stopwatch','4','event_id','','1','2024-11-12 13:00:19'),
(266,72,NULL,'CREATE','common\\models\\Stopwatch','4','category_id','','1','2024-11-12 13:00:19'),
(267,72,NULL,'CREATE','common\\models\\Stopwatch','4','age_group_id','','1','2024-11-12 13:00:19'),
(268,72,NULL,'CREATE','common\\models\\Stopwatch','4','start_time','','2024-11-12 13:00:19.463','2024-11-12 13:00:19'),
(269,72,NULL,'CREATE','common\\models\\Stopwatch','4','status','','1','2024-11-12 13:00:19'),
(270,73,NULL,'CREATE','common\\models\\Stopwatch','5','event_id','','1','2024-11-12 13:00:25'),
(271,73,NULL,'CREATE','common\\models\\Stopwatch','5','category_id','','1','2024-11-12 13:00:25'),
(272,73,NULL,'CREATE','common\\models\\Stopwatch','5','age_group_id','','1','2024-11-12 13:00:25'),
(273,73,NULL,'CREATE','common\\models\\Stopwatch','5','start_time','','2024-11-12 13:00:25.676','2024-11-12 13:00:25'),
(274,73,NULL,'CREATE','common\\models\\Stopwatch','5','status','','1','2024-11-12 13:00:25'),
(275,74,NULL,'CREATE','common\\models\\Stopwatch','6','event_id','','1','2024-11-12 13:00:35'),
(276,74,NULL,'CREATE','common\\models\\Stopwatch','6','category_id','','1','2024-11-12 13:00:35'),
(277,74,NULL,'CREATE','common\\models\\Stopwatch','6','age_group_id','','1','2024-11-12 13:00:35'),
(278,74,NULL,'CREATE','common\\models\\Stopwatch','6','start_time','','2024-11-12 13:00:35.312','2024-11-12 13:00:35'),
(279,74,NULL,'CREATE','common\\models\\Stopwatch','6','status','','1','2024-11-12 13:00:35'),
(280,75,NULL,'CREATE','common\\models\\Stopwatch','7','event_id','','1','2024-11-12 13:00:43'),
(281,75,NULL,'CREATE','common\\models\\Stopwatch','7','category_id','','1','2024-11-12 13:00:43'),
(282,75,NULL,'CREATE','common\\models\\Stopwatch','7','age_group_id','','1','2024-11-12 13:00:43'),
(283,75,NULL,'CREATE','common\\models\\Stopwatch','7','start_time','','2024-11-12 13:00:42.951','2024-11-12 13:00:43'),
(284,75,NULL,'CREATE','common\\models\\Stopwatch','7','status','','1','2024-11-12 13:00:43'),
(285,76,NULL,'CREATE','common\\models\\Stopwatch','8','event_id','','1','2024-11-12 14:17:32'),
(286,76,NULL,'CREATE','common\\models\\Stopwatch','8','category_id','','1','2024-11-12 14:17:32'),
(287,76,NULL,'CREATE','common\\models\\Stopwatch','8','age_group_id','','1','2024-11-12 14:17:32'),
(288,76,NULL,'CREATE','common\\models\\Stopwatch','8','start_time','','2024-11-12 14:17:32.698','2024-11-12 14:17:32'),
(289,76,NULL,'CREATE','common\\models\\Stopwatch','8','status','','1','2024-11-12 14:17:32'),
(290,77,NULL,'CREATE','common\\models\\Stopwatch','1','event_id','','1','2024-11-12 14:21:49'),
(291,77,NULL,'CREATE','common\\models\\Stopwatch','1','category_id','','1','2024-11-12 14:21:49'),
(292,77,NULL,'CREATE','common\\models\\Stopwatch','1','age_group_id','','1','2024-11-12 14:21:49'),
(293,77,NULL,'CREATE','common\\models\\Stopwatch','1','start_time','','2024-11-12 14:21:49.040','2024-11-12 14:21:49'),
(294,77,NULL,'CREATE','common\\models\\Stopwatch','1','status','','1','2024-11-12 14:21:49'),
(295,78,NULL,'CREATE','common\\models\\Stopwatch','2','event_id','','1','2024-11-12 14:26:22'),
(296,78,NULL,'CREATE','common\\models\\Stopwatch','2','category_id','','1','2024-11-12 14:26:22'),
(297,78,NULL,'CREATE','common\\models\\Stopwatch','2','age_group_id','','1','2024-11-12 14:26:22'),
(298,78,NULL,'CREATE','common\\models\\Stopwatch','2','start_time','','2024-11-12 14:26:21.836','2024-11-12 14:26:22'),
(299,78,NULL,'CREATE','common\\models\\Stopwatch','2','status','','1','2024-11-12 14:26:22'),
(300,79,'1','UPDATE','common\\models\\Stopwatch','2','status','1','-1','2024-11-12 14:34:08'),
(301,79,'1','UPDATE','common\\models\\Stopwatch','2','updated_by','','1','2024-11-12 14:34:08'),
(302,79,'1','UPDATE','common\\models\\Stopwatch','2','deleted_at','','2024-11-12 14:34:08','2024-11-12 14:34:08'),
(303,79,'1','UPDATE','common\\models\\Stopwatch','2','deleted_by','','1','2024-11-12 14:34:08'),
(304,80,'1','UPDATE','common\\models\\Stopwatch','1','status','1','-1','2024-11-12 14:34:11'),
(305,80,'1','UPDATE','common\\models\\Stopwatch','1','updated_by','','1','2024-11-12 14:34:11'),
(306,80,'1','UPDATE','common\\models\\Stopwatch','1','deleted_at','','2024-11-12 14:34:11','2024-11-12 14:34:11'),
(307,80,'1','UPDATE','common\\models\\Stopwatch','1','deleted_by','','1','2024-11-12 14:34:11'),
(308,81,NULL,'CREATE','common\\models\\Stopwatch','3','event_id','','1','2024-11-12 14:34:19'),
(309,81,NULL,'CREATE','common\\models\\Stopwatch','3','category_id','','1','2024-11-12 14:34:19'),
(310,81,NULL,'CREATE','common\\models\\Stopwatch','3','age_group_id','','1','2024-11-12 14:34:19'),
(311,81,NULL,'CREATE','common\\models\\Stopwatch','3','start_time','','2024-11-12 14:34:18.834','2024-11-12 14:34:19'),
(312,81,NULL,'CREATE','common\\models\\Stopwatch','3','status','','1','2024-11-12 14:34:19'),
(313,82,NULL,'CREATE','common\\models\\Stopwatch','4','event_id','','1','2024-11-12 14:34:28'),
(314,82,NULL,'CREATE','common\\models\\Stopwatch','4','category_id','','1','2024-11-12 14:34:28'),
(315,82,NULL,'CREATE','common\\models\\Stopwatch','4','age_group_id','','1','2024-11-12 14:34:28'),
(316,82,NULL,'CREATE','common\\models\\Stopwatch','4','start_time','','2024-11-12 14:34:28.699','2024-11-12 14:34:28'),
(317,82,NULL,'CREATE','common\\models\\Stopwatch','4','status','','1','2024-11-12 14:34:28'),
(318,83,NULL,'CREATE','common\\models\\Stopwatch','5','event_id','','1','2024-11-12 14:35:04'),
(319,83,NULL,'CREATE','common\\models\\Stopwatch','5','category_id','','1','2024-11-12 14:35:04'),
(320,83,NULL,'CREATE','common\\models\\Stopwatch','5','age_group_id','','1','2024-11-12 14:35:04'),
(321,83,NULL,'CREATE','common\\models\\Stopwatch','5','start_time','','2024-11-12 14:35:04.119','2024-11-12 14:35:04'),
(322,83,NULL,'CREATE','common\\models\\Stopwatch','5','status','','1','2024-11-12 14:35:04'),
(323,84,NULL,'CREATE','common\\models\\Stopwatch','6','event_id','','1','2024-11-12 14:35:11'),
(324,84,NULL,'CREATE','common\\models\\Stopwatch','6','category_id','','1','2024-11-12 14:35:11'),
(325,84,NULL,'CREATE','common\\models\\Stopwatch','6','age_group_id','','2','2024-11-12 14:35:11'),
(326,84,NULL,'CREATE','common\\models\\Stopwatch','6','start_time','','2024-11-12 14:35:11.595','2024-11-12 14:35:11'),
(327,84,NULL,'CREATE','common\\models\\Stopwatch','6','status','','1','2024-11-12 14:35:11'),
(328,85,NULL,'CREATE','common\\models\\Stopwatch','7','event_id','','1','2024-11-12 14:38:34'),
(329,85,NULL,'CREATE','common\\models\\Stopwatch','7','category_id','','1','2024-11-12 14:38:34'),
(330,85,NULL,'CREATE','common\\models\\Stopwatch','7','age_group_id','','3','2024-11-12 14:38:34'),
(331,85,NULL,'CREATE','common\\models\\Stopwatch','7','start_time','','2024-11-12 14:38:33.718','2024-11-12 14:38:34'),
(332,85,NULL,'CREATE','common\\models\\Stopwatch','7','status','','1','2024-11-12 14:38:34'),
(333,86,'1','UPDATE','common\\models\\Stopwatch','7','updated_by','','1','2024-11-12 14:50:49'),
(334,87,'1','UPDATE','common\\models\\Stopwatch','7','age_group_id','3','2','2024-11-12 14:53:43'),
(335,88,'1','UPDATE','common\\models\\Stopwatch','7','age_group_id','2','3','2024-11-12 14:54:03'),
(336,89,'1','UPDATE','common\\models\\Stopwatch','7','age_group_id','3','2','2024-11-12 14:54:11'),
(337,90,'1','UPDATE','common\\models\\Stopwatch','7','age_group_id','2','3','2024-11-12 14:54:15'),
(338,91,NULL,'CREATE','common\\models\\Stopwatch','8','event_id','','1','2024-11-12 14:54:25'),
(339,91,NULL,'CREATE','common\\models\\Stopwatch','8','category_id','','1','2024-11-12 14:54:25'),
(340,91,NULL,'CREATE','common\\models\\Stopwatch','8','age_group_id','','3','2024-11-12 14:54:25'),
(341,91,NULL,'CREATE','common\\models\\Stopwatch','8','start_time','','2024-11-12 14:54:25.235','2024-11-12 14:54:25'),
(342,91,NULL,'CREATE','common\\models\\Stopwatch','8','status','','1','2024-11-12 14:54:25'),
(343,92,NULL,'CREATE','common\\models\\Stopwatch','9','event_id','','1','2024-11-12 14:54:42'),
(344,92,NULL,'CREATE','common\\models\\Stopwatch','9','category_id','','1','2024-11-12 14:54:42'),
(345,92,NULL,'CREATE','common\\models\\Stopwatch','9','age_group_id','','4','2024-11-12 14:54:42'),
(346,92,NULL,'CREATE','common\\models\\Stopwatch','9','start_time','','2024-11-12 14:54:42.255','2024-11-12 14:54:42'),
(347,92,NULL,'CREATE','common\\models\\Stopwatch','9','status','','1','2024-11-12 14:54:42'),
(348,93,'1','UPDATE','common\\models\\Stopwatch','3','status','1','-1','2024-11-12 14:54:55'),
(349,93,'1','UPDATE','common\\models\\Stopwatch','3','updated_by','','1','2024-11-12 14:54:55'),
(350,93,'1','UPDATE','common\\models\\Stopwatch','3','deleted_at','','2024-11-12 14:54:55','2024-11-12 14:54:55'),
(351,93,'1','UPDATE','common\\models\\Stopwatch','3','deleted_by','','1','2024-11-12 14:54:55'),
(352,94,'1','UPDATE','common\\models\\Stopwatch','4','status','1','-1','2024-11-12 14:54:58'),
(353,94,'1','UPDATE','common\\models\\Stopwatch','4','updated_by','','1','2024-11-12 14:54:58'),
(354,94,'1','UPDATE','common\\models\\Stopwatch','4','deleted_at','','2024-11-12 14:54:58','2024-11-12 14:54:58'),
(355,94,'1','UPDATE','common\\models\\Stopwatch','4','deleted_by','','1','2024-11-12 14:54:58'),
(356,95,'1','UPDATE','common\\models\\Stopwatch','5','status','1','-1','2024-11-12 14:55:00'),
(357,95,'1','UPDATE','common\\models\\Stopwatch','5','updated_by','','1','2024-11-12 14:55:00'),
(358,95,'1','UPDATE','common\\models\\Stopwatch','5','deleted_at','','2024-11-12 14:55:00','2024-11-12 14:55:00'),
(359,95,'1','UPDATE','common\\models\\Stopwatch','5','deleted_by','','1','2024-11-12 14:55:00'),
(360,96,NULL,'CREATE','common\\models\\Stopwatch','1','event_id','','1','2024-11-12 15:31:15'),
(361,96,NULL,'CREATE','common\\models\\Stopwatch','1','category_id','','1','2024-11-12 15:31:15'),
(362,96,NULL,'CREATE','common\\models\\Stopwatch','1','age_group_id','','4','2024-11-12 15:31:15'),
(363,96,NULL,'CREATE','common\\models\\Stopwatch','1','start_time','','2024-11-12 15:31:15.589','2024-11-12 15:31:15'),
(364,96,NULL,'CREATE','common\\models\\Stopwatch','1','status','','1','2024-11-12 15:31:15'),
(365,97,NULL,'CREATE','common\\models\\Stopwatch','2','event_id','','1','2024-11-12 15:41:05'),
(366,97,NULL,'CREATE','common\\models\\Stopwatch','2','category_id','','1','2024-11-12 15:41:05'),
(367,97,NULL,'CREATE','common\\models\\Stopwatch','2','age_group_id','','4','2024-11-12 15:41:05'),
(368,97,NULL,'CREATE','common\\models\\Stopwatch','2','start_time','','2024-11-12 15:41:05.146','2024-11-12 15:41:05'),
(369,97,NULL,'CREATE','common\\models\\Stopwatch','2','status','','1','2024-11-12 15:41:05'),
(370,98,NULL,'CREATE','common\\models\\Stopwatch','3','event_id','','1','2024-11-12 15:41:44'),
(371,98,NULL,'CREATE','common\\models\\Stopwatch','3','category_id','','1','2024-11-12 15:41:44'),
(372,98,NULL,'CREATE','common\\models\\Stopwatch','3','age_group_id','','4','2024-11-12 15:41:44'),
(373,98,NULL,'CREATE','common\\models\\Stopwatch','3','start_time','','2024-11-12 15:41:44.094','2024-11-12 15:41:44'),
(374,98,NULL,'CREATE','common\\models\\Stopwatch','3','status','','1','2024-11-12 15:41:44'),
(375,99,NULL,'CREATE','common\\models\\Stopwatch','4','event_id','','1','2024-11-12 15:42:39'),
(376,99,NULL,'CREATE','common\\models\\Stopwatch','4','category_id','','1','2024-11-12 15:42:39'),
(377,99,NULL,'CREATE','common\\models\\Stopwatch','4','age_group_id','','4','2024-11-12 15:42:39'),
(378,99,NULL,'CREATE','common\\models\\Stopwatch','4','start_time','','2024-11-12 15:42:39.494','2024-11-12 15:42:39'),
(379,99,NULL,'CREATE','common\\models\\Stopwatch','4','status','','1','2024-11-12 15:42:39'),
(380,100,NULL,'CREATE','common\\models\\Stopwatch','5','event_id','','1','2024-11-12 15:44:09'),
(381,100,NULL,'CREATE','common\\models\\Stopwatch','5','category_id','','1','2024-11-12 15:44:09'),
(382,100,NULL,'CREATE','common\\models\\Stopwatch','5','age_group_id','','4','2024-11-12 15:44:09'),
(383,100,NULL,'CREATE','common\\models\\Stopwatch','5','start_time','','2024-11-12 15:44:09.615','2024-11-12 15:44:09'),
(384,100,NULL,'CREATE','common\\models\\Stopwatch','5','status','','1','2024-11-12 15:44:09'),
(385,101,NULL,'CREATE','common\\models\\Stopwatch','6','event_id','','1','2024-11-12 15:44:48'),
(386,101,NULL,'CREATE','common\\models\\Stopwatch','6','category_id','','1','2024-11-12 15:44:48'),
(387,101,NULL,'CREATE','common\\models\\Stopwatch','6','age_group_id','','4','2024-11-12 15:44:48'),
(388,101,NULL,'CREATE','common\\models\\Stopwatch','6','start_time','','2024-11-12 15:44:48.671','2024-11-12 15:44:48'),
(389,101,NULL,'CREATE','common\\models\\Stopwatch','6','status','','1','2024-11-12 15:44:48'),
(390,102,NULL,'CREATE','common\\models\\Stopwatch','7','event_id','','1','2024-11-12 16:02:04'),
(391,102,NULL,'CREATE','common\\models\\Stopwatch','7','category_id','','1','2024-11-12 16:02:04'),
(392,102,NULL,'CREATE','common\\models\\Stopwatch','7','age_group_id','','1','2024-11-12 16:02:04'),
(393,102,NULL,'CREATE','common\\models\\Stopwatch','7','start_time','','2024-11-12 16:02:04.880','2024-11-12 16:02:04'),
(394,102,NULL,'CREATE','common\\models\\Stopwatch','7','status','','1','2024-11-12 16:02:04'),
(395,103,NULL,'CREATE','common\\models\\Stopwatch','8','event_id','','1','2024-11-12 16:02:54'),
(396,103,NULL,'CREATE','common\\models\\Stopwatch','8','category_id','','1','2024-11-12 16:02:54'),
(397,103,NULL,'CREATE','common\\models\\Stopwatch','8','age_group_id','','1','2024-11-12 16:02:54'),
(398,103,NULL,'CREATE','common\\models\\Stopwatch','8','start_time','','2024-11-12 16:02:54.813','2024-11-12 16:02:54'),
(399,103,NULL,'CREATE','common\\models\\Stopwatch','8','status','','1','2024-11-12 16:02:54'),
(400,104,NULL,'CREATE','common\\models\\Stopwatch','9','event_id','','1','2024-11-12 16:03:10'),
(401,104,NULL,'CREATE','common\\models\\Stopwatch','9','start_time','','2024-11-12 16:03:10.165','2024-11-12 16:03:10'),
(402,104,NULL,'CREATE','common\\models\\Stopwatch','9','status','','1','2024-11-12 16:03:10'),
(403,105,NULL,'CREATE','common\\models\\Stopwatch','10','event_id','','1','2024-11-12 16:07:29'),
(404,105,NULL,'CREATE','common\\models\\Stopwatch','10','start_time','','2024-11-12 16:07:29.712','2024-11-12 16:07:29'),
(405,105,NULL,'CREATE','common\\models\\Stopwatch','10','status','','1','2024-11-12 16:07:29'),
(406,106,NULL,'CREATE','common\\models\\Stopwatch','11','event_id','','1','2024-11-12 16:08:35'),
(407,106,NULL,'CREATE','common\\models\\Stopwatch','11','category_id','','1','2024-11-12 16:08:35'),
(408,106,NULL,'CREATE','common\\models\\Stopwatch','11','age_group_id','','1','2024-11-12 16:08:35'),
(409,106,NULL,'CREATE','common\\models\\Stopwatch','11','start_time','','2024-11-12 16:08:35.620','2024-11-12 16:08:35'),
(410,106,NULL,'CREATE','common\\models\\Stopwatch','11','status','','1','2024-11-12 16:08:35'),
(411,107,NULL,'CREATE','common\\models\\Stopwatch','12','event_id','','1','2024-11-12 16:09:56'),
(412,107,NULL,'CREATE','common\\models\\Stopwatch','12','category_id','','1','2024-11-12 16:09:56'),
(413,107,NULL,'CREATE','common\\models\\Stopwatch','12','age_group_id','','2','2024-11-12 16:09:56'),
(414,107,NULL,'CREATE','common\\models\\Stopwatch','12','start_time','','2024-11-12 16:09:56.748','2024-11-12 16:09:56'),
(415,107,NULL,'CREATE','common\\models\\Stopwatch','12','status','','1','2024-11-12 16:09:56'),
(416,108,NULL,'CREATE','common\\models\\Stopwatch','1','event_id','','1','2024-11-12 16:10:30'),
(417,108,NULL,'CREATE','common\\models\\Stopwatch','1','category_id','','1','2024-11-12 16:10:30'),
(418,108,NULL,'CREATE','common\\models\\Stopwatch','1','age_group_id','','1','2024-11-12 16:10:30'),
(419,108,NULL,'CREATE','common\\models\\Stopwatch','1','start_time','','2024-11-12 16:10:30.892','2024-11-12 16:10:30'),
(420,108,NULL,'CREATE','common\\models\\Stopwatch','1','status','','1','2024-11-12 16:10:30'),
(421,109,NULL,'CREATE','common\\models\\Stopwatch','2','event_id','','1','2024-11-12 16:10:47'),
(422,109,NULL,'CREATE','common\\models\\Stopwatch','2','category_id','','1','2024-11-12 16:10:47'),
(423,109,NULL,'CREATE','common\\models\\Stopwatch','2','age_group_id','','2','2024-11-12 16:10:47'),
(424,109,NULL,'CREATE','common\\models\\Stopwatch','2','start_time','','2024-11-12 16:10:47.247','2024-11-12 16:10:47'),
(425,109,NULL,'CREATE','common\\models\\Stopwatch','2','status','','1','2024-11-12 16:10:47'),
(426,110,NULL,'CREATE','common\\models\\Stopwatch','1','event_id','','1','2024-11-12 16:26:44'),
(427,110,NULL,'CREATE','common\\models\\Stopwatch','1','category_id','','1','2024-11-12 16:26:44'),
(428,110,NULL,'CREATE','common\\models\\Stopwatch','1','age_group_id','','1','2024-11-12 16:26:44'),
(429,110,NULL,'CREATE','common\\models\\Stopwatch','1','start_time','','2024-11-12 16:26:43.467','2024-11-12 16:26:44'),
(430,110,NULL,'CREATE','common\\models\\Stopwatch','1','status','','1','2024-11-12 16:26:44'),
(431,111,NULL,'CREATE','common\\models\\Stopwatch','2','event_id','','1','2024-11-12 16:31:47'),
(432,111,NULL,'CREATE','common\\models\\Stopwatch','2','category_id','','1','2024-11-12 16:31:47'),
(433,111,NULL,'CREATE','common\\models\\Stopwatch','2','age_group_id','','1','2024-11-12 16:31:47'),
(434,111,NULL,'CREATE','common\\models\\Stopwatch','2','start_time','','2024-11-12 16:31:46.204','2024-11-12 16:31:47'),
(435,111,NULL,'CREATE','common\\models\\Stopwatch','2','status','','1','2024-11-12 16:31:47'),
(436,112,NULL,'CREATE','common\\models\\Stopwatch','3','event_id','','1','2024-11-12 16:32:59'),
(437,112,NULL,'CREATE','common\\models\\Stopwatch','3','category_id','','1','2024-11-12 16:32:59'),
(438,112,NULL,'CREATE','common\\models\\Stopwatch','3','age_group_id','','1','2024-11-12 16:32:59'),
(439,112,NULL,'CREATE','common\\models\\Stopwatch','3','start_time','','2024-11-12 16:32:58.895','2024-11-12 16:32:59'),
(440,112,NULL,'CREATE','common\\models\\Stopwatch','3','status','','1','2024-11-12 16:32:59'),
(441,113,NULL,'CREATE','common\\models\\Stopwatch','4','event_id','','1','2024-11-12 16:41:55'),
(442,113,NULL,'CREATE','common\\models\\Stopwatch','4','category_id','','1','2024-11-12 16:41:55'),
(443,113,NULL,'CREATE','common\\models\\Stopwatch','4','age_group_id','','1','2024-11-12 16:41:55'),
(444,113,NULL,'CREATE','common\\models\\Stopwatch','4','start_time','','2024-11-12 16:41:54.463','2024-11-12 16:41:55'),
(445,113,NULL,'CREATE','common\\models\\Stopwatch','4','status','','1','2024-11-12 16:41:55'),
(446,114,NULL,'CREATE','common\\models\\Stopwatch','5','event_id','','1','2024-11-12 16:42:04'),
(447,114,NULL,'CREATE','common\\models\\Stopwatch','5','category_id','','1','2024-11-12 16:42:04'),
(448,114,NULL,'CREATE','common\\models\\Stopwatch','5','age_group_id','','1','2024-11-12 16:42:04'),
(449,114,NULL,'CREATE','common\\models\\Stopwatch','5','start_time','','2024-11-12 16:42:04.186','2024-11-12 16:42:04'),
(450,114,NULL,'CREATE','common\\models\\Stopwatch','5','status','','1','2024-11-12 16:42:04'),
(451,115,NULL,'CREATE','common\\models\\Stopwatch','6','event_id','','1','2024-11-12 16:42:14'),
(452,115,NULL,'CREATE','common\\models\\Stopwatch','6','category_id','','1','2024-11-12 16:42:14'),
(453,115,NULL,'CREATE','common\\models\\Stopwatch','6','age_group_id','','1','2024-11-12 16:42:14'),
(454,115,NULL,'CREATE','common\\models\\Stopwatch','6','start_time','','2024-11-12 16:42:14.042','2024-11-12 16:42:14'),
(455,115,NULL,'CREATE','common\\models\\Stopwatch','6','status','','1','2024-11-12 16:42:14'),
(456,116,NULL,'CREATE','common\\models\\Stopwatch','7','event_id','','1','2024-11-12 16:42:31'),
(457,116,NULL,'CREATE','common\\models\\Stopwatch','7','category_id','','1','2024-11-12 16:42:31'),
(458,116,NULL,'CREATE','common\\models\\Stopwatch','7','age_group_id','','2','2024-11-12 16:42:31'),
(459,116,NULL,'CREATE','common\\models\\Stopwatch','7','start_time','','2024-11-12 16:42:30.870','2024-11-12 16:42:31'),
(460,116,NULL,'CREATE','common\\models\\Stopwatch','7','status','','1','2024-11-12 16:42:31'),
(461,117,NULL,'CREATE','common\\models\\Stopwatch','8','event_id','','1','2024-11-12 16:42:44'),
(462,117,NULL,'CREATE','common\\models\\Stopwatch','8','category_id','','1','2024-11-12 16:42:44'),
(463,117,NULL,'CREATE','common\\models\\Stopwatch','8','age_group_id','','3','2024-11-12 16:42:44'),
(464,117,NULL,'CREATE','common\\models\\Stopwatch','8','start_time','','2024-11-12 16:42:43.774','2024-11-12 16:42:44'),
(465,117,NULL,'CREATE','common\\models\\Stopwatch','8','status','','1','2024-11-12 16:42:44'),
(466,118,NULL,'CREATE','common\\models\\Stopwatch','9','event_id','','1','2024-11-12 16:42:55'),
(467,118,NULL,'CREATE','common\\models\\Stopwatch','9','category_id','','1','2024-11-12 16:42:55'),
(468,118,NULL,'CREATE','common\\models\\Stopwatch','9','age_group_id','','4','2024-11-12 16:42:55'),
(469,118,NULL,'CREATE','common\\models\\Stopwatch','9','start_time','','2024-11-12 16:42:55.142','2024-11-12 16:42:55'),
(470,118,NULL,'CREATE','common\\models\\Stopwatch','9','status','','1','2024-11-12 16:42:55'),
(471,119,NULL,'CREATE','common\\models\\Stopwatch','10','event_id','','1','2024-11-12 16:43:17'),
(472,119,NULL,'CREATE','common\\models\\Stopwatch','10','category_id','','1','2024-11-12 16:43:17'),
(473,119,NULL,'CREATE','common\\models\\Stopwatch','10','age_group_id','','5','2024-11-12 16:43:17'),
(474,119,NULL,'CREATE','common\\models\\Stopwatch','10','start_time','','2024-11-12 16:43:16.582','2024-11-12 16:43:17'),
(475,119,NULL,'CREATE','common\\models\\Stopwatch','10','status','','1','2024-11-12 16:43:17'),
(476,120,NULL,'CREATE','common\\models\\Stopwatch','11','event_id','','1','2024-11-12 16:43:29'),
(477,120,NULL,'CREATE','common\\models\\Stopwatch','11','category_id','','1','2024-11-12 16:43:29'),
(478,120,NULL,'CREATE','common\\models\\Stopwatch','11','age_group_id','','6','2024-11-12 16:43:29'),
(479,120,NULL,'CREATE','common\\models\\Stopwatch','11','start_time','','2024-11-12 16:43:28.778','2024-11-12 16:43:29'),
(480,120,NULL,'CREATE','common\\models\\Stopwatch','11','status','','1','2024-11-12 16:43:29'),
(481,121,NULL,'CREATE','common\\models\\Stopwatch','12','event_id','','1','2024-11-12 16:43:44'),
(482,121,NULL,'CREATE','common\\models\\Stopwatch','12','category_id','','1','2024-11-12 16:43:44'),
(483,121,NULL,'CREATE','common\\models\\Stopwatch','12','age_group_id','','7','2024-11-12 16:43:44'),
(484,121,NULL,'CREATE','common\\models\\Stopwatch','12','start_time','','2024-11-12 16:43:43.574','2024-11-12 16:43:44'),
(485,121,NULL,'CREATE','common\\models\\Stopwatch','12','status','','1','2024-11-12 16:43:44'),
(486,122,NULL,'CREATE','common\\models\\Stopwatch','13','event_id','','1','2024-11-12 16:43:55'),
(487,122,NULL,'CREATE','common\\models\\Stopwatch','13','category_id','','1','2024-11-12 16:43:55'),
(488,122,NULL,'CREATE','common\\models\\Stopwatch','13','age_group_id','','8','2024-11-12 16:43:55'),
(489,122,NULL,'CREATE','common\\models\\Stopwatch','13','start_time','','2024-11-12 16:43:55.082','2024-11-12 16:43:55'),
(490,122,NULL,'CREATE','common\\models\\Stopwatch','13','status','','1','2024-11-12 16:43:55'),
(491,123,NULL,'CREATE','common\\models\\Stopwatch','14','event_id','','1','2024-11-12 16:44:08'),
(492,123,NULL,'CREATE','common\\models\\Stopwatch','14','category_id','','1','2024-11-12 16:44:08'),
(493,123,NULL,'CREATE','common\\models\\Stopwatch','14','age_group_id','','9','2024-11-12 16:44:08'),
(494,123,NULL,'CREATE','common\\models\\Stopwatch','14','start_time','','2024-11-12 16:44:07.569','2024-11-12 16:44:08'),
(495,123,NULL,'CREATE','common\\models\\Stopwatch','14','status','','1','2024-11-12 16:44:08'),
(496,124,NULL,'CREATE','common\\models\\Stopwatch','15','event_id','','1','2024-11-12 16:44:20'),
(497,124,NULL,'CREATE','common\\models\\Stopwatch','15','category_id','','1','2024-11-12 16:44:20'),
(498,124,NULL,'CREATE','common\\models\\Stopwatch','15','age_group_id','','10','2024-11-12 16:44:20'),
(499,124,NULL,'CREATE','common\\models\\Stopwatch','15','start_time','','2024-11-12 16:44:19.614','2024-11-12 16:44:20'),
(500,124,NULL,'CREATE','common\\models\\Stopwatch','15','status','','1','2024-11-12 16:44:20'),
(501,125,'1','UPDATE','common\\models\\Stopwatch','15','status','1','-1','2024-11-12 16:51:41'),
(502,125,'1','UPDATE','common\\models\\Stopwatch','15','updated_by','','1','2024-11-12 16:51:41'),
(503,125,'1','UPDATE','common\\models\\Stopwatch','15','deleted_at','','2024-11-12 16:51:41','2024-11-12 16:51:41'),
(504,125,'1','UPDATE','common\\models\\Stopwatch','15','deleted_by','','1','2024-11-12 16:51:41'),
(505,126,'1','UPDATE','common\\models\\Stopwatch','15','deleted_at','2024-11-12 16:51:41','2024-11-12 16:51:43','2024-11-12 16:51:43'),
(506,127,'1','UPDATE','common\\models\\Stopwatch','15','deleted_at','2024-11-12 16:51:43','2024-11-12 16:51:44','2024-11-12 16:51:44'),
(507,128,'1','UPDATE','common\\models\\Stopwatch','15','deleted_at','2024-11-12 16:51:44','2024-11-12 16:51:46','2024-11-12 16:51:46'),
(508,129,'1','UPDATE','common\\models\\Stopwatch','13','status','1','-1','2024-11-12 16:51:50'),
(509,129,'1','UPDATE','common\\models\\Stopwatch','13','updated_by','','1','2024-11-12 16:51:50'),
(510,129,'1','UPDATE','common\\models\\Stopwatch','13','deleted_at','','2024-11-12 16:51:50','2024-11-12 16:51:50'),
(511,129,'1','UPDATE','common\\models\\Stopwatch','13','deleted_by','','1','2024-11-12 16:51:50'),
(512,130,'1','UPDATE','common\\models\\Stopwatch','14','status','1','-1','2024-11-12 16:51:53'),
(513,130,'1','UPDATE','common\\models\\Stopwatch','14','updated_by','','1','2024-11-12 16:51:53'),
(514,130,'1','UPDATE','common\\models\\Stopwatch','14','deleted_at','','2024-11-12 16:51:53','2024-11-12 16:51:53'),
(515,130,'1','UPDATE','common\\models\\Stopwatch','14','deleted_by','','1','2024-11-12 16:51:53'),
(516,131,NULL,'CREATE','common\\models\\Stopwatch','1','event_id','','1','2024-11-12 17:06:55'),
(517,131,NULL,'CREATE','common\\models\\Stopwatch','1','category_id','','1','2024-11-12 17:06:55'),
(518,131,NULL,'CREATE','common\\models\\Stopwatch','1','age_group_id','','1','2024-11-12 17:06:55'),
(519,131,NULL,'CREATE','common\\models\\Stopwatch','1','start_time','','2024-11-12 17:06:54.941','2024-11-12 17:06:55'),
(520,131,NULL,'CREATE','common\\models\\Stopwatch','1','status','','1','2024-11-12 17:06:55'),
(521,132,NULL,'CREATE','common\\models\\Stopwatch','2','event_id','','1','2024-11-12 17:07:16'),
(522,132,NULL,'CREATE','common\\models\\Stopwatch','2','category_id','','1','2024-11-12 17:07:16'),
(523,132,NULL,'CREATE','common\\models\\Stopwatch','2','age_group_id','','1','2024-11-12 17:07:16'),
(524,132,NULL,'CREATE','common\\models\\Stopwatch','2','start_time','','2024-11-12 17:07:15.894','2024-11-12 17:07:16'),
(525,132,NULL,'CREATE','common\\models\\Stopwatch','2','status','','1','2024-11-12 17:07:16'),
(526,133,NULL,'CREATE','common\\models\\Stopwatch','3','event_id','','1','2024-11-12 17:08:00'),
(527,133,NULL,'CREATE','common\\models\\Stopwatch','3','category_id','','1','2024-11-12 17:08:00'),
(528,133,NULL,'CREATE','common\\models\\Stopwatch','3','age_group_id','','1','2024-11-12 17:08:00'),
(529,133,NULL,'CREATE','common\\models\\Stopwatch','3','start_time','','2024-11-12 17:08:00.382','2024-11-12 17:08:00'),
(530,133,NULL,'CREATE','common\\models\\Stopwatch','3','status','','1','2024-11-12 17:08:00'),
(531,134,NULL,'CREATE','common\\models\\Stopwatch','4','event_id','','1','2024-11-12 17:08:11'),
(532,134,NULL,'CREATE','common\\models\\Stopwatch','4','category_id','','1','2024-11-12 17:08:11'),
(533,134,NULL,'CREATE','common\\models\\Stopwatch','4','age_group_id','','1','2024-11-12 17:08:11'),
(534,134,NULL,'CREATE','common\\models\\Stopwatch','4','start_time','','2024-11-12 17:08:10.759','2024-11-12 17:08:11'),
(535,134,NULL,'CREATE','common\\models\\Stopwatch','4','status','','1','2024-11-12 17:08:11'),
(536,135,NULL,'CREATE','common\\models\\Stopwatch','5','event_id','','1','2024-11-12 17:08:17'),
(537,135,NULL,'CREATE','common\\models\\Stopwatch','5','category_id','','1','2024-11-12 17:08:17'),
(538,135,NULL,'CREATE','common\\models\\Stopwatch','5','age_group_id','','1','2024-11-12 17:08:17'),
(539,135,NULL,'CREATE','common\\models\\Stopwatch','5','start_time','','2024-11-12 17:08:16.702','2024-11-12 17:08:17'),
(540,135,NULL,'CREATE','common\\models\\Stopwatch','5','status','','1','2024-11-12 17:08:17'),
(541,136,NULL,'CREATE','common\\models\\Stopwatch','6','event_id','','1','2024-11-12 17:08:23'),
(542,136,NULL,'CREATE','common\\models\\Stopwatch','6','category_id','','1','2024-11-12 17:08:23'),
(543,136,NULL,'CREATE','common\\models\\Stopwatch','6','age_group_id','','1','2024-11-12 17:08:23'),
(544,136,NULL,'CREATE','common\\models\\Stopwatch','6','start_time','','2024-11-12 17:08:22.803','2024-11-12 17:08:23'),
(545,136,NULL,'CREATE','common\\models\\Stopwatch','6','status','','1','2024-11-12 17:08:23'),
(546,137,NULL,'CREATE','common\\models\\Stopwatch','7','event_id','','1','2024-11-12 17:08:31'),
(547,137,NULL,'CREATE','common\\models\\Stopwatch','7','category_id','','1','2024-11-12 17:08:31'),
(548,137,NULL,'CREATE','common\\models\\Stopwatch','7','age_group_id','','1','2024-11-12 17:08:31'),
(549,137,NULL,'CREATE','common\\models\\Stopwatch','7','start_time','','2024-11-12 17:08:30.972','2024-11-12 17:08:31'),
(550,137,NULL,'CREATE','common\\models\\Stopwatch','7','status','','1','2024-11-12 17:08:31'),
(551,138,NULL,'CREATE','common\\models\\Stopwatch','8','event_id','','1','2024-11-12 17:08:40'),
(552,138,NULL,'CREATE','common\\models\\Stopwatch','8','category_id','','1','2024-11-12 17:08:40'),
(553,138,NULL,'CREATE','common\\models\\Stopwatch','8','age_group_id','','2','2024-11-12 17:08:40'),
(554,138,NULL,'CREATE','common\\models\\Stopwatch','8','start_time','','2024-11-12 17:08:39.199','2024-11-12 17:08:40'),
(555,138,NULL,'CREATE','common\\models\\Stopwatch','8','status','','1','2024-11-12 17:08:40'),
(556,139,NULL,'CREATE','common\\models\\Stopwatch','9','event_id','','1','2024-11-12 17:08:53'),
(557,139,NULL,'CREATE','common\\models\\Stopwatch','9','category_id','','1','2024-11-12 17:08:53'),
(558,139,NULL,'CREATE','common\\models\\Stopwatch','9','age_group_id','','3','2024-11-12 17:08:53'),
(559,139,NULL,'CREATE','common\\models\\Stopwatch','9','start_time','','2024-11-12 17:08:52.451','2024-11-12 17:08:53'),
(560,139,NULL,'CREATE','common\\models\\Stopwatch','9','status','','1','2024-11-12 17:08:53'),
(561,140,'1','UPDATE','common\\models\\Stopwatch','9','status','1','-1','2024-11-12 17:12:54'),
(562,140,'1','UPDATE','common\\models\\Stopwatch','9','updated_by','','1','2024-11-12 17:12:54'),
(563,140,'1','UPDATE','common\\models\\Stopwatch','9','deleted_at','','2024-11-12 17:12:54','2024-11-12 17:12:54'),
(564,140,'1','UPDATE','common\\models\\Stopwatch','9','deleted_by','','1','2024-11-12 17:12:54'),
(565,141,'1','UPDATE','common\\models\\Stopwatch','8','status','1','-1','2024-11-12 17:12:57'),
(566,141,'1','UPDATE','common\\models\\Stopwatch','8','updated_by','','1','2024-11-12 17:12:57'),
(567,141,'1','UPDATE','common\\models\\Stopwatch','8','deleted_at','','2024-11-12 17:12:57','2024-11-12 17:12:57'),
(568,141,'1','UPDATE','common\\models\\Stopwatch','8','deleted_by','','1','2024-11-12 17:12:57'),
(569,142,'1','UPDATE','common\\models\\Stopwatch','7','status','1','-1','2024-11-12 17:12:59'),
(570,142,'1','UPDATE','common\\models\\Stopwatch','7','updated_by','','1','2024-11-12 17:12:59'),
(571,142,'1','UPDATE','common\\models\\Stopwatch','7','deleted_at','','2024-11-12 17:12:59','2024-11-12 17:12:59'),
(572,142,'1','UPDATE','common\\models\\Stopwatch','7','deleted_by','','1','2024-11-12 17:12:59'),
(573,143,'1','UPDATE','common\\models\\Stopwatch','6','status','1','-1','2024-11-12 17:13:01'),
(574,143,'1','UPDATE','common\\models\\Stopwatch','6','updated_by','','1','2024-11-12 17:13:01'),
(575,143,'1','UPDATE','common\\models\\Stopwatch','6','deleted_at','','2024-11-12 17:13:01','2024-11-12 17:13:01'),
(576,143,'1','UPDATE','common\\models\\Stopwatch','6','deleted_by','','1','2024-11-12 17:13:01'),
(577,144,'1','UPDATE','common\\models\\Stopwatch','5','status','1','-1','2024-11-12 17:13:03'),
(578,144,'1','UPDATE','common\\models\\Stopwatch','5','updated_by','','1','2024-11-12 17:13:03'),
(579,144,'1','UPDATE','common\\models\\Stopwatch','5','deleted_at','','2024-11-12 17:13:03','2024-11-12 17:13:03'),
(580,144,'1','UPDATE','common\\models\\Stopwatch','5','deleted_by','','1','2024-11-12 17:13:03'),
(581,145,'1','UPDATE','common\\models\\Stopwatch','4','status','1','-1','2024-11-12 17:13:05'),
(582,145,'1','UPDATE','common\\models\\Stopwatch','4','updated_by','','1','2024-11-12 17:13:05'),
(583,145,'1','UPDATE','common\\models\\Stopwatch','4','deleted_at','','2024-11-12 17:13:05','2024-11-12 17:13:05'),
(584,145,'1','UPDATE','common\\models\\Stopwatch','4','deleted_by','','1','2024-11-12 17:13:05'),
(585,146,'1','UPDATE','common\\models\\Stopwatch','3','status','1','-1','2024-11-12 17:13:07'),
(586,146,'1','UPDATE','common\\models\\Stopwatch','3','updated_by','','1','2024-11-12 17:13:07'),
(587,146,'1','UPDATE','common\\models\\Stopwatch','3','deleted_at','','2024-11-12 17:13:07','2024-11-12 17:13:07'),
(588,146,'1','UPDATE','common\\models\\Stopwatch','3','deleted_by','','1','2024-11-12 17:13:07'),
(589,147,'1','UPDATE','common\\models\\Stopwatch','2','status','1','-1','2024-11-12 17:13:08'),
(590,147,'1','UPDATE','common\\models\\Stopwatch','2','updated_by','','1','2024-11-12 17:13:08'),
(591,147,'1','UPDATE','common\\models\\Stopwatch','2','deleted_at','','2024-11-12 17:13:08','2024-11-12 17:13:08'),
(592,147,'1','UPDATE','common\\models\\Stopwatch','2','deleted_by','','1','2024-11-12 17:13:08'),
(593,148,'1','UPDATE','common\\models\\Stopwatch','1','status','1','-1','2024-11-12 17:13:10'),
(594,148,'1','UPDATE','common\\models\\Stopwatch','1','updated_by','','1','2024-11-12 17:13:10'),
(595,148,'1','UPDATE','common\\models\\Stopwatch','1','deleted_at','','2024-11-12 17:13:10','2024-11-12 17:13:10'),
(596,148,'1','UPDATE','common\\models\\Stopwatch','1','deleted_by','','1','2024-11-12 17:13:10'),
(597,149,NULL,'CREATE','common\\models\\Stopwatch','10','event_id','','1','2024-11-12 17:13:18'),
(598,149,NULL,'CREATE','common\\models\\Stopwatch','10','category_id','','1','2024-11-12 17:13:18'),
(599,149,NULL,'CREATE','common\\models\\Stopwatch','10','age_group_id','','1','2024-11-12 17:13:18'),
(600,149,NULL,'CREATE','common\\models\\Stopwatch','10','start_time','','2024-11-12 17:13:18.068','2024-11-12 17:13:18'),
(601,149,NULL,'CREATE','common\\models\\Stopwatch','10','status','','1','2024-11-12 17:13:18'),
(602,150,NULL,'CREATE','common\\models\\Stopwatch','11','event_id','','1','2024-11-12 17:13:31'),
(603,150,NULL,'CREATE','common\\models\\Stopwatch','11','category_id','','1','2024-11-12 17:13:31'),
(604,150,NULL,'CREATE','common\\models\\Stopwatch','11','age_group_id','','2','2024-11-12 17:13:31'),
(605,150,NULL,'CREATE','common\\models\\Stopwatch','11','start_time','','2024-11-12 17:13:31.324','2024-11-12 17:13:31'),
(606,150,NULL,'CREATE','common\\models\\Stopwatch','11','status','','1','2024-11-12 17:13:31'),
(607,151,NULL,'CREATE','common\\models\\Stopwatch','12','event_id','','1','2024-11-12 17:13:43'),
(608,151,NULL,'CREATE','common\\models\\Stopwatch','12','category_id','','1','2024-11-12 17:13:43'),
(609,151,NULL,'CREATE','common\\models\\Stopwatch','12','age_group_id','','3','2024-11-12 17:13:43'),
(610,151,NULL,'CREATE','common\\models\\Stopwatch','12','start_time','','2024-11-12 17:13:43.060','2024-11-12 17:13:43'),
(611,151,NULL,'CREATE','common\\models\\Stopwatch','12','status','','1','2024-11-12 17:13:43'),
(612,152,NULL,'CREATE','common\\models\\Stopwatch','13','event_id','','1','2024-11-12 17:13:57'),
(613,152,NULL,'CREATE','common\\models\\Stopwatch','13','category_id','','1','2024-11-12 17:13:57'),
(614,152,NULL,'CREATE','common\\models\\Stopwatch','13','age_group_id','','4','2024-11-12 17:13:57'),
(615,152,NULL,'CREATE','common\\models\\Stopwatch','13','start_time','','2024-11-12 17:13:57.037','2024-11-12 17:13:57'),
(616,152,NULL,'CREATE','common\\models\\Stopwatch','13','status','','1','2024-11-12 17:13:57'),
(617,153,'1','UPDATE','common\\models\\Stopwatch','13','status','1','-1','2024-11-12 17:14:01'),
(618,153,'1','UPDATE','common\\models\\Stopwatch','13','updated_by','','1','2024-11-12 17:14:01'),
(619,153,'1','UPDATE','common\\models\\Stopwatch','13','deleted_at','','2024-11-12 17:14:01','2024-11-12 17:14:01'),
(620,153,'1','UPDATE','common\\models\\Stopwatch','13','deleted_by','','1','2024-11-12 17:14:01'),
(621,154,'1','UPDATE','common\\models\\Stopwatch','12','status','1','-1','2024-11-12 17:14:03'),
(622,154,'1','UPDATE','common\\models\\Stopwatch','12','updated_by','','1','2024-11-12 17:14:03'),
(623,154,'1','UPDATE','common\\models\\Stopwatch','12','deleted_at','','2024-11-12 17:14:03','2024-11-12 17:14:03'),
(624,154,'1','UPDATE','common\\models\\Stopwatch','12','deleted_by','','1','2024-11-12 17:14:03'),
(625,155,'1','UPDATE','common\\models\\Stopwatch','11','status','1','-1','2024-11-12 17:14:05'),
(626,155,'1','UPDATE','common\\models\\Stopwatch','11','updated_by','','1','2024-11-12 17:14:05'),
(627,155,'1','UPDATE','common\\models\\Stopwatch','11','deleted_at','','2024-11-12 17:14:05','2024-11-12 17:14:05'),
(628,155,'1','UPDATE','common\\models\\Stopwatch','11','deleted_by','','1','2024-11-12 17:14:05'),
(629,156,'1','UPDATE','common\\models\\Stopwatch','10','status','1','-1','2024-11-12 17:14:07'),
(630,156,'1','UPDATE','common\\models\\Stopwatch','10','updated_by','','1','2024-11-12 17:14:07'),
(631,156,'1','UPDATE','common\\models\\Stopwatch','10','deleted_at','','2024-11-12 17:14:07','2024-11-12 17:14:07'),
(632,156,'1','UPDATE','common\\models\\Stopwatch','10','deleted_by','','1','2024-11-12 17:14:07'),
(633,157,NULL,'CREATE','common\\models\\Stopwatch','14','event_id','','1','2024-11-12 17:24:13'),
(634,157,NULL,'CREATE','common\\models\\Stopwatch','14','category_id','','1','2024-11-12 17:24:13'),
(635,157,NULL,'CREATE','common\\models\\Stopwatch','14','age_group_id','','1','2024-11-12 17:24:13'),
(636,157,NULL,'CREATE','common\\models\\Stopwatch','14','start_time','','2024-11-12 17:24:13.162','2024-11-12 17:24:13'),
(637,157,NULL,'CREATE','common\\models\\Stopwatch','14','status','','1','2024-11-12 17:24:13'),
(638,158,NULL,'CREATE','common\\models\\Stopwatch','15','event_id','','1','2024-11-12 17:24:22'),
(639,158,NULL,'CREATE','common\\models\\Stopwatch','15','category_id','','1','2024-11-12 17:24:22'),
(640,158,NULL,'CREATE','common\\models\\Stopwatch','15','age_group_id','','2','2024-11-12 17:24:22'),
(641,158,NULL,'CREATE','common\\models\\Stopwatch','15','start_time','','2024-11-12 17:24:21.742','2024-11-12 17:24:22'),
(642,158,NULL,'CREATE','common\\models\\Stopwatch','15','status','','1','2024-11-12 17:24:22'),
(643,159,NULL,'CREATE','common\\models\\Stopwatch','16','event_id','','1','2024-11-12 17:24:29'),
(644,159,NULL,'CREATE','common\\models\\Stopwatch','16','category_id','','1','2024-11-12 17:24:29'),
(645,159,NULL,'CREATE','common\\models\\Stopwatch','16','age_group_id','','3','2024-11-12 17:24:29'),
(646,159,NULL,'CREATE','common\\models\\Stopwatch','16','start_time','','2024-11-12 17:24:29.162','2024-11-12 17:24:29'),
(647,159,NULL,'CREATE','common\\models\\Stopwatch','16','status','','1','2024-11-12 17:24:29'),
(648,160,NULL,'CREATE','common\\models\\Stopwatch','17','event_id','','1','2024-11-12 17:24:37'),
(649,160,NULL,'CREATE','common\\models\\Stopwatch','17','category_id','','1','2024-11-12 17:24:37'),
(650,160,NULL,'CREATE','common\\models\\Stopwatch','17','age_group_id','','4','2024-11-12 17:24:37'),
(651,160,NULL,'CREATE','common\\models\\Stopwatch','17','start_time','','2024-11-12 17:24:37.425','2024-11-12 17:24:37'),
(652,160,NULL,'CREATE','common\\models\\Stopwatch','17','status','','1','2024-11-12 17:24:37'),
(653,161,NULL,'CREATE','common\\models\\Stopwatch','18','event_id','','1','2024-11-12 17:24:44'),
(654,161,NULL,'CREATE','common\\models\\Stopwatch','18','category_id','','1','2024-11-12 17:24:44'),
(655,161,NULL,'CREATE','common\\models\\Stopwatch','18','age_group_id','','5','2024-11-12 17:24:44'),
(656,161,NULL,'CREATE','common\\models\\Stopwatch','18','start_time','','2024-11-12 17:24:44.342','2024-11-12 17:24:44'),
(657,161,NULL,'CREATE','common\\models\\Stopwatch','18','status','','1','2024-11-12 17:24:44'),
(658,162,NULL,'CREATE','common\\models\\Stopwatch','19','event_id','','1','2024-11-12 17:24:51'),
(659,162,NULL,'CREATE','common\\models\\Stopwatch','19','category_id','','1','2024-11-12 17:24:51'),
(660,162,NULL,'CREATE','common\\models\\Stopwatch','19','age_group_id','','6','2024-11-12 17:24:51'),
(661,162,NULL,'CREATE','common\\models\\Stopwatch','19','start_time','','2024-11-12 17:24:50.945','2024-11-12 17:24:51'),
(662,162,NULL,'CREATE','common\\models\\Stopwatch','19','status','','1','2024-11-12 17:24:51'),
(663,163,NULL,'CREATE','common\\models\\Stopwatch','20','event_id','','1','2024-11-12 17:24:59'),
(664,163,NULL,'CREATE','common\\models\\Stopwatch','20','category_id','','1','2024-11-12 17:24:59'),
(665,163,NULL,'CREATE','common\\models\\Stopwatch','20','age_group_id','','7','2024-11-12 17:24:59'),
(666,163,NULL,'CREATE','common\\models\\Stopwatch','20','start_time','','2024-11-12 17:24:58.478','2024-11-12 17:24:59'),
(667,163,NULL,'CREATE','common\\models\\Stopwatch','20','status','','1','2024-11-12 17:24:59'),
(668,164,NULL,'CREATE','common\\models\\Stopwatch','21','event_id','','1','2024-11-12 17:25:07'),
(669,164,NULL,'CREATE','common\\models\\Stopwatch','21','category_id','','1','2024-11-12 17:25:07'),
(670,164,NULL,'CREATE','common\\models\\Stopwatch','21','age_group_id','','8','2024-11-12 17:25:07'),
(671,164,NULL,'CREATE','common\\models\\Stopwatch','21','start_time','','2024-11-12 17:25:06.526','2024-11-12 17:25:07'),
(672,164,NULL,'CREATE','common\\models\\Stopwatch','21','status','','1','2024-11-12 17:25:07'),
(673,165,NULL,'CREATE','common\\models\\Stopwatch','22','event_id','','1','2024-11-12 17:25:17'),
(674,165,NULL,'CREATE','common\\models\\Stopwatch','22','category_id','','1','2024-11-12 17:25:17'),
(675,165,NULL,'CREATE','common\\models\\Stopwatch','22','age_group_id','','9','2024-11-12 17:25:17'),
(676,165,NULL,'CREATE','common\\models\\Stopwatch','22','start_time','','2024-11-12 17:25:16.641','2024-11-12 17:25:17'),
(677,165,NULL,'CREATE','common\\models\\Stopwatch','22','status','','1','2024-11-12 17:25:17'),
(678,166,NULL,'CREATE','common\\models\\Stopwatch','23','event_id','','1','2024-11-12 17:25:24'),
(679,166,NULL,'CREATE','common\\models\\Stopwatch','23','category_id','','1','2024-11-12 17:25:24'),
(680,166,NULL,'CREATE','common\\models\\Stopwatch','23','age_group_id','','10','2024-11-12 17:25:24'),
(681,166,NULL,'CREATE','common\\models\\Stopwatch','23','start_time','','2024-11-12 17:25:23.965','2024-11-12 17:25:24'),
(682,166,NULL,'CREATE','common\\models\\Stopwatch','23','status','','1','2024-11-12 17:25:24'),
(683,167,NULL,'CREATE','common\\models\\Stopwatch','24','event_id','','1','2024-11-12 17:25:45'),
(684,167,NULL,'CREATE','common\\models\\Stopwatch','24','category_id','','2','2024-11-12 17:25:45'),
(685,167,NULL,'CREATE','common\\models\\Stopwatch','24','age_group_id','','1','2024-11-12 17:25:45'),
(686,167,NULL,'CREATE','common\\models\\Stopwatch','24','start_time','','2024-11-12 17:25:44.520','2024-11-12 17:25:45'),
(687,167,NULL,'CREATE','common\\models\\Stopwatch','24','status','','1','2024-11-12 17:25:45'),
(688,168,NULL,'CREATE','common\\models\\Stopwatch','1','event_id','','1','2024-11-12 17:31:22'),
(689,168,NULL,'CREATE','common\\models\\Stopwatch','1','category_id','','1','2024-11-12 17:31:22'),
(690,168,NULL,'CREATE','common\\models\\Stopwatch','1','age_group_id','','1','2024-11-12 17:31:22'),
(691,168,NULL,'CREATE','common\\models\\Stopwatch','1','session','','1','2024-11-12 17:31:22'),
(692,168,NULL,'CREATE','common\\models\\Stopwatch','1','start_time','','2024-11-12 17:31:22.789','2024-11-12 17:31:22'),
(693,168,NULL,'CREATE','common\\models\\Stopwatch','1','status','','1','2024-11-12 17:31:22'),
(694,169,NULL,'CREATE','common\\models\\Stopwatch','2','event_id','','1','2024-11-12 17:31:32'),
(695,169,NULL,'CREATE','common\\models\\Stopwatch','2','category_id','','1','2024-11-12 17:31:32'),
(696,169,NULL,'CREATE','common\\models\\Stopwatch','2','age_group_id','','1','2024-11-12 17:31:32'),
(697,169,NULL,'CREATE','common\\models\\Stopwatch','2','session','','2','2024-11-12 17:31:32'),
(698,169,NULL,'CREATE','common\\models\\Stopwatch','2','start_time','','2024-11-12 17:31:32.417','2024-11-12 17:31:32'),
(699,169,NULL,'CREATE','common\\models\\Stopwatch','2','status','','1','2024-11-12 17:31:32'),
(700,170,NULL,'CREATE','common\\models\\Stopwatch','3','event_id','','1','2024-11-12 17:31:44'),
(701,170,NULL,'CREATE','common\\models\\Stopwatch','3','category_id','','1','2024-11-12 17:31:44'),
(702,170,NULL,'CREATE','common\\models\\Stopwatch','3','age_group_id','','2','2024-11-12 17:31:44'),
(703,170,NULL,'CREATE','common\\models\\Stopwatch','3','session','','1','2024-11-12 17:31:44'),
(704,170,NULL,'CREATE','common\\models\\Stopwatch','3','start_time','','2024-11-12 17:31:44.605','2024-11-12 17:31:44'),
(705,170,NULL,'CREATE','common\\models\\Stopwatch','3','status','','1','2024-11-12 17:31:44'),
(706,171,NULL,'CREATE','common\\models\\Stopwatch','4','event_id','','1','2024-11-12 17:31:52'),
(707,171,NULL,'CREATE','common\\models\\Stopwatch','4','category_id','','1','2024-11-12 17:31:52'),
(708,171,NULL,'CREATE','common\\models\\Stopwatch','4','age_group_id','','3','2024-11-12 17:31:52'),
(709,171,NULL,'CREATE','common\\models\\Stopwatch','4','session','','1','2024-11-12 17:31:52'),
(710,171,NULL,'CREATE','common\\models\\Stopwatch','4','start_time','','2024-11-12 17:31:52.445','2024-11-12 17:31:52'),
(711,171,NULL,'CREATE','common\\models\\Stopwatch','4','status','','1','2024-11-12 17:31:52'),
(712,172,NULL,'CREATE','common\\models\\Stopwatch','5','event_id','','1','2024-11-12 17:31:58'),
(713,172,NULL,'CREATE','common\\models\\Stopwatch','5','category_id','','1','2024-11-12 17:31:58'),
(714,172,NULL,'CREATE','common\\models\\Stopwatch','5','age_group_id','','4','2024-11-12 17:31:58'),
(715,172,NULL,'CREATE','common\\models\\Stopwatch','5','session','','1','2024-11-12 17:31:58'),
(716,172,NULL,'CREATE','common\\models\\Stopwatch','5','start_time','','2024-11-12 17:31:58.523','2024-11-12 17:31:58'),
(717,172,NULL,'CREATE','common\\models\\Stopwatch','5','status','','1','2024-11-12 17:31:58'),
(718,173,NULL,'CREATE','common\\models\\Stopwatch','6','event_id','','1','2024-11-12 17:32:05'),
(719,173,NULL,'CREATE','common\\models\\Stopwatch','6','category_id','','1','2024-11-12 17:32:05'),
(720,173,NULL,'CREATE','common\\models\\Stopwatch','6','age_group_id','','5','2024-11-12 17:32:05'),
(721,173,NULL,'CREATE','common\\models\\Stopwatch','6','session','','1','2024-11-12 17:32:05'),
(722,173,NULL,'CREATE','common\\models\\Stopwatch','6','start_time','','2024-11-12 17:32:04.989','2024-11-12 17:32:05'),
(723,173,NULL,'CREATE','common\\models\\Stopwatch','6','status','','1','2024-11-12 17:32:05'),
(724,174,NULL,'CREATE','common\\models\\Stopwatch','7','event_id','','1','2024-11-12 17:32:11'),
(725,174,NULL,'CREATE','common\\models\\Stopwatch','7','category_id','','1','2024-11-12 17:32:11'),
(726,174,NULL,'CREATE','common\\models\\Stopwatch','7','age_group_id','','5','2024-11-12 17:32:11'),
(727,174,NULL,'CREATE','common\\models\\Stopwatch','7','session','','2','2024-11-12 17:32:11'),
(728,174,NULL,'CREATE','common\\models\\Stopwatch','7','start_time','','2024-11-12 17:32:10.997','2024-11-12 17:32:11'),
(729,174,NULL,'CREATE','common\\models\\Stopwatch','7','status','','1','2024-11-12 17:32:11'),
(730,175,NULL,'CREATE','common\\models\\Stopwatch','1','event_id','','1','2024-11-12 22:05:08'),
(731,175,NULL,'CREATE','common\\models\\Stopwatch','1','category_id','','1','2024-11-12 22:05:08'),
(732,175,NULL,'CREATE','common\\models\\Stopwatch','1','age_group_id','','1','2024-11-12 22:05:08'),
(733,175,NULL,'CREATE','common\\models\\Stopwatch','1','session','','1','2024-11-12 22:05:08'),
(734,175,NULL,'CREATE','common\\models\\Stopwatch','1','start_time','','2024-11-12 22:05:07.934','2024-11-12 22:05:08'),
(735,175,NULL,'CREATE','common\\models\\Stopwatch','1','status','','1','2024-11-12 22:05:08'),
(736,176,NULL,'CREATE','common\\models\\Stopwatch','2','event_id','','1','2024-11-13 07:12:07'),
(737,176,NULL,'CREATE','common\\models\\Stopwatch','2','category_id','','1','2024-11-13 07:12:07'),
(738,176,NULL,'CREATE','common\\models\\Stopwatch','2','age_group_id','','7','2024-11-13 07:12:07'),
(739,176,NULL,'CREATE','common\\models\\Stopwatch','2','session','','1','2024-11-13 07:12:07'),
(740,176,NULL,'CREATE','common\\models\\Stopwatch','2','start_time','','2024-11-13 07:12:05.507','2024-11-13 07:12:07'),
(741,176,NULL,'CREATE','common\\models\\Stopwatch','2','status','','1','2024-11-13 07:12:07'),
(742,177,NULL,'CREATE','common\\models\\Stopwatch','3','event_id','','1','2024-11-13 07:12:31'),
(743,177,NULL,'CREATE','common\\models\\Stopwatch','3','category_id','','1','2024-11-13 07:12:31'),
(744,177,NULL,'CREATE','common\\models\\Stopwatch','3','age_group_id','','7','2024-11-13 07:12:31'),
(745,177,NULL,'CREATE','common\\models\\Stopwatch','3','session','','1','2024-11-13 07:12:31'),
(746,177,NULL,'CREATE','common\\models\\Stopwatch','3','start_time','','2024-11-13 07:12:30.271','2024-11-13 07:12:31'),
(747,177,NULL,'CREATE','common\\models\\Stopwatch','3','status','','1','2024-11-13 07:12:31'),
(748,178,NULL,'CREATE','common\\models\\Stopwatch','4','event_id','','1','2024-11-13 07:12:45'),
(749,178,NULL,'CREATE','common\\models\\Stopwatch','4','category_id','','1','2024-11-13 07:12:45'),
(750,178,NULL,'CREATE','common\\models\\Stopwatch','4','age_group_id','','7','2024-11-13 07:12:45'),
(751,178,NULL,'CREATE','common\\models\\Stopwatch','4','session','','1','2024-11-13 07:12:45'),
(752,178,NULL,'CREATE','common\\models\\Stopwatch','4','start_time','','2024-11-13 07:12:44.161','2024-11-13 07:12:45'),
(753,178,NULL,'CREATE','common\\models\\Stopwatch','4','status','','1','2024-11-13 07:12:45'),
(754,179,NULL,'CREATE','common\\models\\Stopwatch','5','event_id','','1','2024-11-13 07:13:03'),
(755,179,NULL,'CREATE','common\\models\\Stopwatch','5','category_id','','1','2024-11-13 07:13:03'),
(756,179,NULL,'CREATE','common\\models\\Stopwatch','5','age_group_id','','7','2024-11-13 07:13:03'),
(757,179,NULL,'CREATE','common\\models\\Stopwatch','5','session','','1','2024-11-13 07:13:03'),
(758,179,NULL,'CREATE','common\\models\\Stopwatch','5','start_time','','2024-11-13 07:13:01.759','2024-11-13 07:13:03'),
(759,179,NULL,'CREATE','common\\models\\Stopwatch','5','status','','1','2024-11-13 07:13:03'),
(760,180,NULL,'CREATE','common\\models\\Stopwatch','6','event_id','','1','2024-11-13 07:13:17'),
(761,180,NULL,'CREATE','common\\models\\Stopwatch','6','category_id','','1','2024-11-13 07:13:17'),
(762,180,NULL,'CREATE','common\\models\\Stopwatch','6','age_group_id','','7','2024-11-13 07:13:17'),
(763,180,NULL,'CREATE','common\\models\\Stopwatch','6','session','','1','2024-11-13 07:13:17'),
(764,180,NULL,'CREATE','common\\models\\Stopwatch','6','start_time','','2024-11-13 07:13:16.403','2024-11-13 07:13:17'),
(765,180,NULL,'CREATE','common\\models\\Stopwatch','6','status','','1','2024-11-13 07:13:17'),
(766,181,NULL,'CREATE','common\\models\\Stopwatch','7','event_id','','1','2024-11-13 07:13:31'),
(767,181,NULL,'CREATE','common\\models\\Stopwatch','7','category_id','','1','2024-11-13 07:13:31'),
(768,181,NULL,'CREATE','common\\models\\Stopwatch','7','age_group_id','','7','2024-11-13 07:13:31'),
(769,181,NULL,'CREATE','common\\models\\Stopwatch','7','session','','2','2024-11-13 07:13:31'),
(770,181,NULL,'CREATE','common\\models\\Stopwatch','7','start_time','','2024-11-13 07:13:29.615','2024-11-13 07:13:31'),
(771,181,NULL,'CREATE','common\\models\\Stopwatch','7','status','','1','2024-11-13 07:13:31'),
(772,182,NULL,'CREATE','common\\models\\Stopwatch','8','event_id','','1','2024-11-13 07:14:22'),
(773,182,NULL,'CREATE','common\\models\\Stopwatch','8','start_time','','2024-11-13 07:14:21.266','2024-11-13 07:14:22'),
(774,182,NULL,'CREATE','common\\models\\Stopwatch','8','status','','1','2024-11-13 07:14:22'),
(775,183,NULL,'CREATE','common\\models\\Stopwatch','9','event_id','','1','2024-11-13 07:14:47'),
(776,183,NULL,'CREATE','common\\models\\Stopwatch','9','start_time','','2024-11-13 07:14:45.683','2024-11-13 07:14:47'),
(777,183,NULL,'CREATE','common\\models\\Stopwatch','9','status','','1','2024-11-13 07:14:47'),
(778,184,NULL,'CREATE','common\\models\\Stopwatch','10','event_id','','1','2024-11-13 07:37:17'),
(779,184,NULL,'CREATE','common\\models\\Stopwatch','10','category_id','','1','2024-11-13 07:37:17'),
(780,184,NULL,'CREATE','common\\models\\Stopwatch','10','age_group_id','','1','2024-11-13 07:37:17'),
(781,184,NULL,'CREATE','common\\models\\Stopwatch','10','session','','1','2024-11-13 07:37:17'),
(782,184,NULL,'CREATE','common\\models\\Stopwatch','10','start_time','','2024-11-13 07:37:17.492','2024-11-13 07:37:17'),
(783,184,NULL,'CREATE','common\\models\\Stopwatch','10','status','','1','2024-11-13 07:37:17'),
(784,185,NULL,'CREATE','common\\models\\Stopwatch','11','event_id','','1','2024-11-13 07:37:27'),
(785,185,NULL,'CREATE','common\\models\\Stopwatch','11','category_id','','1','2024-11-13 07:37:27'),
(786,185,NULL,'CREATE','common\\models\\Stopwatch','11','age_group_id','','2','2024-11-13 07:37:27'),
(787,185,NULL,'CREATE','common\\models\\Stopwatch','11','session','','1','2024-11-13 07:37:27'),
(788,185,NULL,'CREATE','common\\models\\Stopwatch','11','start_time','','2024-11-13 07:37:26.784','2024-11-13 07:37:27'),
(789,185,NULL,'CREATE','common\\models\\Stopwatch','11','status','','1','2024-11-13 07:37:27'),
(790,186,NULL,'CREATE','common\\models\\Stopwatch','1','event_id','','1','2024-11-13 13:29:14'),
(791,186,NULL,'CREATE','common\\models\\Stopwatch','1','category_id','','1','2024-11-13 13:29:14'),
(792,186,NULL,'CREATE','common\\models\\Stopwatch','1','age_group_id','','1','2024-11-13 13:29:14'),
(793,186,NULL,'CREATE','common\\models\\Stopwatch','1','session','','1','2024-11-13 13:29:14'),
(794,186,NULL,'CREATE','common\\models\\Stopwatch','1','start_time','','2024-11-13 13:29:14.142','2024-11-13 13:29:14'),
(795,186,NULL,'CREATE','common\\models\\Stopwatch','1','status','','1','2024-11-13 13:29:14'),
(796,187,NULL,'CREATE','common\\models\\Stopwatch','2','event_id','','1','2024-11-13 13:30:10'),
(797,187,NULL,'CREATE','common\\models\\Stopwatch','2','category_id','','1','2024-11-13 13:30:10'),
(798,187,NULL,'CREATE','common\\models\\Stopwatch','2','age_group_id','','1','2024-11-13 13:30:10'),
(799,187,NULL,'CREATE','common\\models\\Stopwatch','2','session','','1','2024-11-13 13:30:10'),
(800,187,NULL,'CREATE','common\\models\\Stopwatch','2','start_time','','2024-11-13 13:30:10.183','2024-11-13 13:30:10'),
(801,187,NULL,'CREATE','common\\models\\Stopwatch','2','status','','1','2024-11-13 13:30:10'),
(802,188,NULL,'CREATE','common\\models\\Stopwatch','3','event_id','','1','2024-11-13 13:30:28'),
(803,188,NULL,'CREATE','common\\models\\Stopwatch','3','category_id','','1','2024-11-13 13:30:28'),
(804,188,NULL,'CREATE','common\\models\\Stopwatch','3','age_group_id','','1','2024-11-13 13:30:28'),
(805,188,NULL,'CREATE','common\\models\\Stopwatch','3','session','','1','2024-11-13 13:30:28'),
(806,188,NULL,'CREATE','common\\models\\Stopwatch','3','start_time','','2024-11-13 13:30:27.987','2024-11-13 13:30:28'),
(807,188,NULL,'CREATE','common\\models\\Stopwatch','3','status','','1','2024-11-13 13:30:28'),
(808,189,NULL,'CREATE','common\\models\\Stopwatch','4','event_id','','1','2024-11-13 13:33:39'),
(809,189,NULL,'CREATE','common\\models\\Stopwatch','4','category_id','','1','2024-11-13 13:33:39'),
(810,189,NULL,'CREATE','common\\models\\Stopwatch','4','age_group_id','','1','2024-11-13 13:33:39'),
(811,189,NULL,'CREATE','common\\models\\Stopwatch','4','session','','1','2024-11-13 13:33:39'),
(812,189,NULL,'CREATE','common\\models\\Stopwatch','4','start_time','','2024-11-13 13:33:38.627','2024-11-13 13:33:39'),
(813,189,NULL,'CREATE','common\\models\\Stopwatch','4','status','','1','2024-11-13 13:33:39');

/*Table structure for table `auth_assignment` */


CREATE TABLE `auth_assignment` (
  `item_name` varchar(64) CHARACTER SET utf8mb3 COLLATE utf8mb3_unicode_ci NOT NULL,
  `user_id` varchar(64) CHARACTER SET utf8mb3 COLLATE utf8mb3_unicode_ci NOT NULL,
  `created_at` int DEFAULT NULL,
  PRIMARY KEY (`item_name`,`user_id`),
  KEY `idx-auth_assignment-user_id` (`user_id`),
  CONSTRAINT `auth_assignment_ibfk_1` FOREIGN KEY (`item_name`) REFERENCES `auth_item` (`name`) ON DELETE CASCADE ON UPDATE CASCADE
) ENGINE=InnoDB DEFAULT CHARSET=utf8mb3 COLLATE=utf8mb3_unicode_ci;

/*Data for the table `auth_assignment` */

/*Table structure for table `auth_item` */


CREATE TABLE `auth_item` (
  `name` varchar(64) CHARACTER SET utf8mb3 COLLATE utf8mb3_unicode_ci NOT NULL,
  `type` smallint NOT NULL,
  `description` text CHARACTER SET utf8mb3 COLLATE utf8mb3_unicode_ci,
  `rule_name` varchar(64) CHARACTER SET utf8mb3 COLLATE utf8mb3_unicode_ci DEFAULT NULL,
  `data` blob,
  `created_at` int DEFAULT NULL,
  `updated_at` int DEFAULT NULL,
  PRIMARY KEY (`name`),
  KEY `rule_name` (`rule_name`),
  KEY `idx-auth_item-type` (`type`),
  CONSTRAINT `auth_item_ibfk_1` FOREIGN KEY (`rule_name`) REFERENCES `auth_rule` (`name`) ON DELETE SET NULL ON UPDATE CASCADE
) ENGINE=InnoDB DEFAULT CHARSET=utf8mb3 COLLATE=utf8mb3_unicode_ci;

/*Data for the table `auth_item` */

/*Table structure for table `auth_item_child` */


CREATE TABLE `auth_item_child` (
  `parent` varchar(64) CHARACTER SET utf8mb3 COLLATE utf8mb3_unicode_ci NOT NULL,
  `child` varchar(64) CHARACTER SET utf8mb3 COLLATE utf8mb3_unicode_ci NOT NULL,
  PRIMARY KEY (`parent`,`child`),
  KEY `child` (`child`),
  CONSTRAINT `auth_item_child_ibfk_1` FOREIGN KEY (`parent`) REFERENCES `auth_item` (`name`) ON DELETE CASCADE ON UPDATE CASCADE,
  CONSTRAINT `auth_item_child_ibfk_2` FOREIGN KEY (`child`) REFERENCES `auth_item` (`name`) ON DELETE CASCADE ON UPDATE CASCADE
) ENGINE=InnoDB DEFAULT CHARSET=utf8mb3 COLLATE=utf8mb3_unicode_ci;

/*Data for the table `auth_item_child` */

/*Table structure for table `auth_rule` */


CREATE TABLE `auth_rule` (
  `name` varchar(64) CHARACTER SET utf8mb3 COLLATE utf8mb3_unicode_ci NOT NULL,
  `data` blob,
  `created_at` int DEFAULT NULL,
  `updated_at` int DEFAULT NULL,
  PRIMARY KEY (`name`)
) ENGINE=InnoDB DEFAULT CHARSET=utf8mb3 COLLATE=utf8mb3_unicode_ci;

/*Data for the table `auth_rule` */

/*Table structure for table `category` */


CREATE TABLE `category` (
  `id` int NOT NULL AUTO_INCREMENT,
  `event_id` int DEFAULT NULL,
  `name` varchar(255) DEFAULT NULL,
  `status` int DEFAULT NULL,
  `created_by` int DEFAULT NULL,
  `created_at` datetime DEFAULT NULL,
  `updated_by` int DEFAULT NULL,
  `updated_at` datetime DEFAULT NULL,
  `deleted_by` int DEFAULT NULL,
  `deleted_at` datetime DEFAULT NULL,
  PRIMARY KEY (`id`),
  KEY `fk_category_event_id` (`event_id`),
  KEY `fk_category_created_by` (`created_by`),
  KEY `fk_category_updated_by` (`updated_by`),
  KEY `fk_category_deleted_by` (`deleted_by`),
  CONSTRAINT `fk_category_created_by` FOREIGN KEY (`created_by`) REFERENCES `user` (`id`),
  CONSTRAINT `fk_category_deleted_by` FOREIGN KEY (`deleted_by`) REFERENCES `user` (`id`),
  CONSTRAINT `fk_category_event_id` FOREIGN KEY (`event_id`) REFERENCES `event` (`id`),
  CONSTRAINT `fk_category_updated_by` FOREIGN KEY (`updated_by`) REFERENCES `user` (`id`)
) ENGINE=InnoDB AUTO_INCREMENT=7 DEFAULT CHARSET=utf8mb3;

/*Data for the table `category` */

insert  into `category`(`id`,`event_id`,`name`,`status`,`created_by`,`created_at`,`updated_by`,`updated_at`,`deleted_by`,`deleted_at`) values 
(1,1,'60M MEN',1,1,'2024-11-12 11:23:48',1,'2024-11-12 11:23:48',NULL,NULL),
(2,1,'100M MEN',1,1,'2024-11-12 11:23:53',1,'2024-11-12 11:23:53',NULL,NULL),
(3,1,'200M MEN',1,1,'2024-11-12 11:23:57',1,'2024-11-12 11:23:57',NULL,NULL),
(4,1,'60M WOMEN',1,1,'2024-11-12 11:24:02',1,'2024-11-12 11:24:02',NULL,NULL),
(5,1,'100M WOMEN',1,1,'2024-11-12 11:24:07',1,'2024-11-12 11:24:07',NULL,NULL),
(6,1,'200M WOMEN',1,1,'2024-11-12 11:24:12',1,'2024-11-12 11:24:12',NULL,NULL);

/*Table structure for table `event` */


CREATE TABLE `event` (
  `id` int NOT NULL AUTO_INCREMENT,
  `code` varchar(50) DEFAULT NULL,
  `name` varchar(255) DEFAULT NULL,
  `img_thumbnail` varchar(255) DEFAULT NULL,
  `img_cover` varchar(255) DEFAULT NULL,
  `date_from` date DEFAULT NULL,
  `date_to` date DEFAULT NULL,
  `venue` text,
  `venue_link` text,
  `event_details` text,
  `status` int DEFAULT NULL,
  `created_at` datetime DEFAULT NULL,
  `created_by` int DEFAULT NULL,
  `updated_at` datetime DEFAULT NULL,
  `updated_by` int DEFAULT NULL,
  `deleted_at` datetime DEFAULT NULL,
  `deleted_by` int DEFAULT NULL,
  PRIMARY KEY (`id`),
  KEY `fk_event_created_by` (`created_by`),
  KEY `fk_event_updated_by` (`updated_by`),
  KEY `fk_event_deleted_by` (`deleted_by`),
  CONSTRAINT `fk_event_created_by` FOREIGN KEY (`created_by`) REFERENCES `user` (`id`),
  CONSTRAINT `fk_event_deleted_by` FOREIGN KEY (`deleted_by`) REFERENCES `user` (`id`),
  CONSTRAINT `fk_event_updated_by` FOREIGN KEY (`updated_by`) REFERENCES `user` (`id`)
) ENGINE=InnoDB AUTO_INCREMENT=2 DEFAULT CHARSET=utf8mb3;

/*Data for the table `event` */

insert  into `event`(`id`,`code`,`name`,`img_thumbnail`,`img_cover`,`date_from`,`date_to`,`venue`,`venue_link`,`event_details`,`status`,`created_at`,`created_by`,`updated_at`,`updated_by`,`deleted_at`,`deleted_by`) values 
(1,'SC2024','SPRINT CARNIVAL 2024','241111175214_padang_papar.jpg','241111175214_track.jpg','2024-11-16','2024-11-16','PADANG PAPAR','https://maps.app.goo.gl/cx3qaUycJv11ED3L7','organized by PAPAR MASTERS',1,'2024-11-11 17:07:34',1,'2024-11-12 10:22:19',1,NULL,NULL);

/*Table structure for table `migration` */


CREATE TABLE `migration` (
  `version` varchar(180) NOT NULL,
  `apply_time` int DEFAULT NULL,
  PRIMARY KEY (`version`)
) ENGINE=InnoDB DEFAULT CHARSET=utf8mb3;

/*Data for the table `migration` */

insert  into `migration`(`version`,`apply_time`) values 
('bedezign\\yii2\\audit\\migrations\\m150626_000001_create_audit_entry',1731311794),
('bedezign\\yii2\\audit\\migrations\\m150626_000002_create_audit_data',1731311794),
('bedezign\\yii2\\audit\\migrations\\m150626_000003_create_audit_error',1731311794),
('bedezign\\yii2\\audit\\migrations\\m150626_000004_create_audit_trail',1731311794),
('bedezign\\yii2\\audit\\migrations\\m150626_000005_create_audit_javascript',1731311794),
('bedezign\\yii2\\audit\\migrations\\m150626_000006_create_audit_mail',1731311794),
('bedezign\\yii2\\audit\\migrations\\m150714_000001_alter_audit_data',1731311794),
('bedezign\\yii2\\audit\\migrations\\m170126_000001_alter_audit_mail',1731311794),
('bedezign\\yii2\\audit\\migrations\\m231117_101719_alter_audit_trail',1731311794),
('bedezign\\yii2\\audit\\migrations\\m231117_102354_alter_audit_entry',1731311794),
('m000000_000000_base',1731311349),
('m130524_201442_init',1731311350),
('m140506_102106_rbac_init',1731311498),
('m170907_052038_rbac_add_index_on_auth_assignment_user_id',1731311499),
('m180523_151638_rbac_updates_indexes_without_prefix',1731311499),
('m190124_110200_add_verification_token_column_to_user_table',1731311350),
('m200409_110543_rbac_update_mssql_trigger',1731311499);

/*Table structure for table `stopwatch` */


CREATE TABLE `stopwatch` (
  `id` int NOT NULL AUTO_INCREMENT,
  `event_id` int DEFAULT NULL,
  `category_id` int DEFAULT NULL,
  `age_group_id` int DEFAULT NULL,
  `session` varchar(50) DEFAULT NULL,
  `start_time` varchar(255) DEFAULT NULL,
  `status` int DEFAULT NULL,
  `created_at` datetime DEFAULT NULL,
  `created_by` int DEFAULT NULL,
  `updated_at` datetime DEFAULT NULL,
  `updated_by` int DEFAULT NULL,
  `deleted_at` datetime DEFAULT NULL,
  `deleted_by` int DEFAULT NULL,
  PRIMARY KEY (`id`),
  KEY `fk_stopwatch_event_id` (`event_id`),
  KEY `fk_stopwatch_created_by` (`created_by`),
  KEY `fk_stopwatch_updated_by` (`updated_by`),
  KEY `fk_stopwatch_deleted_by` (`deleted_by`),
  KEY `fk_stopwatch_category_id` (`category_id`),
  KEY `fk_stopwatch_age_group` (`age_group_id`),
  CONSTRAINT `fk_stopwatch_age_group` FOREIGN KEY (`age_group_id`) REFERENCES `age_group` (`id`),
  CONSTRAINT `fk_stopwatch_category_id` FOREIGN KEY (`category_id`) REFERENCES `category` (`id`),
  CONSTRAINT `fk_stopwatch_created_by` FOREIGN KEY (`created_by`) REFERENCES `user` (`id`),
  CONSTRAINT `fk_stopwatch_deleted_by` FOREIGN KEY (`deleted_by`) REFERENCES `user` (`id`),
  CONSTRAINT `fk_stopwatch_event_id` FOREIGN KEY (`event_id`) REFERENCES `event` (`id`),
  CONSTRAINT `fk_stopwatch_updated_by` FOREIGN KEY (`updated_by`) REFERENCES `user` (`id`)
) ENGINE=InnoDB AUTO_INCREMENT=5 DEFAULT CHARSET=utf8mb3;

/*Data for the table `stopwatch` */

insert  into `stopwatch`(`id`,`event_id`,`category_id`,`age_group_id`,`session`,`start_time`,`status`,`created_at`,`created_by`,`updated_at`,`updated_by`,`deleted_at`,`deleted_by`) values 
(1,1,1,1,'1','2024-11-13 13:29:14.142',1,'2024-11-13 13:29:14',NULL,'2024-11-13 13:29:14',NULL,NULL,NULL),
(2,1,1,1,'1','2024-11-13 13:30:10.183',1,'2024-11-13 13:30:10',NULL,'2024-11-13 13:30:10',NULL,NULL,NULL),
(3,1,1,1,'1','2024-11-13 13:30:27.987',1,'2024-11-13 13:30:28',NULL,'2024-11-13 13:30:28',NULL,NULL,NULL),
(4,1,1,1,'1','2024-11-13 13:33:38.627',1,'2024-11-13 13:33:39',NULL,'2024-11-13 13:33:39',NULL,NULL,NULL);

